{"id":3239,"date":"2022-09-28T14:40:16","date_gmt":"2022-09-28T17:40:16","guid":{"rendered":"http:\/\/selecoes.epistemeonline.com\/?page_id=3239"},"modified":"2023-02-03T09:44:14","modified_gmt":"2023-02-03T12:44:14","slug":"gestaoescolaribateguara","status":"publish","type":"page","link":"https:\/\/selecoes.epistemeonline.com\/index.php\/gestaoescolaribateguara\/","title":{"rendered":"GEST\u00c3O ESCOLAR IBATEGUARA"},"content":{"rendered":"\t\t<div data-elementor-type=\"wp-page\" data-elementor-id=\"3239\" class=\"elementor elementor-3239\">\n\t\t\t\t\t\t<section class=\"elementor-section elementor-top-section elementor-element elementor-element-3e18085 elementor-section-boxed elementor-section-height-default elementor-section-height-default\" data-id=\"3e18085\" data-element_type=\"section\" data-e-type=\"section\">\n\t\t\t\t\t\t<div class=\"elementor-container elementor-column-gap-default\">\n\t\t\t\t\t<div class=\"elementor-column elementor-col-100 elementor-top-column elementor-element elementor-element-7421021\" data-id=\"7421021\" data-element_type=\"column\" data-e-type=\"column\">\n\t\t\t<div class=\"elementor-widget-wrap elementor-element-populated\">\n\t\t\t\t\t\t<div class=\"elementor-element elementor-element-3f5312e elementor-widget elementor-widget-image\" data-id=\"3f5312e\" data-element_type=\"widget\" data-e-type=\"widget\" data-widget_type=\"image.default\">\n\t\t\t\t<div class=\"elementor-widget-container\">\n\t\t\t\t\t\t\t\t\t\t\t\t\t\t\t<img decoding=\"async\" width=\"318\" height=\"83\" src=\"https:\/\/selecoes.epistemeonline.com\/wp-content\/uploads\/2023\/01\/NOVO-LOGO.jpg\" class=\"attachment-large size-large wp-image-3743\" alt=\"\" srcset=\"https:\/\/selecoes.epistemeonline.com\/wp-content\/uploads\/2023\/01\/NOVO-LOGO.jpg 318w, https:\/\/selecoes.epistemeonline.com\/wp-content\/uploads\/2023\/01\/NOVO-LOGO-300x78.jpg 300w\" sizes=\"100vw\" \/>\t\t\t\t\t\t\t\t\t\t\t\t\t\t\t<\/div>\n\t\t\t\t<\/div>\n\t\t\t\t\t<\/div>\n\t\t<\/div>\n\t\t\t\t\t<\/div>\n\t\t<\/section>\n\t\t\t\t<section class=\"elementor-section elementor-top-section elementor-element elementor-element-be30b5c elementor-section-boxed elementor-section-height-default elementor-section-height-default\" data-id=\"be30b5c\" data-element_type=\"section\" data-e-type=\"section\">\n\t\t\t\t\t\t<div class=\"elementor-container elementor-column-gap-default\">\n\t\t\t\t\t<div class=\"elementor-column elementor-col-100 elementor-top-column elementor-element elementor-element-da64b39\" data-id=\"da64b39\" data-element_type=\"column\" data-e-type=\"column\">\n\t\t\t<div class=\"elementor-widget-wrap elementor-element-populated\">\n\t\t\t\t\t\t<div class=\"elementor-element elementor-element-acb2f39 elementor-widget elementor-widget-text-editor\" data-id=\"acb2f39\" data-element_type=\"widget\" data-e-type=\"widget\" data-widget_type=\"text-editor.default\">\n\t\t\t\t<div class=\"elementor-widget-container\">\n\t\t\t\t\t\t\t\t\t<p><strong>EDITAL SEMED N\u00ba 01\/2023<\/strong><\/p>\n<p><strong>PROCESSO SELETIVO SIMPLIFICADO POR COMPET\u00caNCIAS COM FOCO EM RESULTADOS ORGANIZACIONAIS PARA O PROVIMENTO DA FUN\u00c7\u00c3O DE DIRETOR E DIRETOR ADJUNTO ESCOLAR NAS UNIDADES P\u00daBLICAS MUNICIPAIS DE ENSINO DE IBATEGUARA\/AL<\/strong><\/p><p><span style=\"font-family: var( --e-global-typography-text-font-family ), Sans-serif; font-weight: var( --e-global-typography-text-font-weight ); font-size: 1rem;\">A Secretaria Municipal de Educa\u00e7\u00e3o de Ibateguara\/AL, no uso de suas atribui\u00e7\u00f5es, previstas no \u00a7 1\u00ba do art. 1\u00ba da Lei Municipal n\u00ba 369\/2022, de 14 de Setembro de 2022, torna p\u00fablica a realiza\u00e7\u00e3o de <\/span><strong style=\"font-family: var( --e-global-typography-text-font-family ), Sans-serif; font-size: 1rem;\">PROCESSO SELETIVO SIMPLIFICADO POR COMPET\u00caNCIAS COM FOCO EM RESULTADOS ORGANIZACIONAIS, PARA O PROVIMENTO DA FUN\u00c7\u00c3O DE DIRETOR E DIRETOR ADJUNTO ESCOLAR NAS UNIDADES P\u00daBLICAS MUNICIPAIS DE ENSINO DE IBATEGUARA\/AL<\/strong><span style=\"font-family: var( --e-global-typography-text-font-family ), Sans-serif; font-weight: var( --e-global-typography-text-font-weight ); font-size: 1rem;\">, recrutando profissionais do magist\u00e9rio que tenham interesse em se credenciar para as fun\u00e7\u00f5es de Gestores Escolares \u2013 Diretor e Diretor Adjunto. Poder\u00e3o concorrer servidores efetivos em exerc\u00edcio da fun\u00e7\u00e3o do quadro permanente de pessoal, ocupantes do cargo de professor do Grupo de Magist\u00e9rio do Munic\u00edpio de Ibateguara\/AL, conforme previsto na Lei Municipal n\u00ba 79\/2006.<\/span><\/p>\n<p>Este Edital \u00e9 pautado pelos princ\u00edpios da isonomia, da legalidade e da moralidade, insculpidos nos Artigos 5\u00ba e 37 da Constitui\u00e7\u00e3o da Rep\u00fablica e tem como escopo, a identifica\u00e7\u00e3o de profissionais do magist\u00e9rio p\u00fablico municipal, com potencial adequado e determinados princ\u00edpios t\u00e9cnicos e comportamentais, necess\u00e1rios ao desempenho das fun\u00e7\u00f5es de gestor escolar na Rede Municipal de Ensino de Ibateguara\/AL, conforme disposi\u00e7\u00f5es previstas na Lei Municipal n\u00ba 369\/2022.<\/p>\t\t\t\t\t\t\t\t<\/div>\n\t\t\t\t<\/div>\n\t\t\t\t\t<\/div>\n\t\t<\/div>\n\t\t\t\t\t<\/div>\n\t\t<\/section>\n\t\t\t\t<section class=\"elementor-section elementor-top-section elementor-element elementor-element-2860727 elementor-section-boxed elementor-section-height-default elementor-section-height-default\" data-id=\"2860727\" data-element_type=\"section\" data-e-type=\"section\">\n\t\t\t\t\t\t<div class=\"elementor-container elementor-column-gap-default\">\n\t\t\t\t\t<div class=\"elementor-column elementor-col-100 elementor-top-column elementor-element elementor-element-12e5b50\" data-id=\"12e5b50\" data-element_type=\"column\" data-e-type=\"column\">\n\t\t\t<div class=\"elementor-widget-wrap elementor-element-populated\">\n\t\t\t\t\t\t<div class=\"elementor-element elementor-element-4316a6f elementor-align-center elementor-widget elementor-widget-button\" data-id=\"4316a6f\" data-element_type=\"widget\" data-e-type=\"widget\" data-widget_type=\"button.default\">\n\t\t\t\t<div class=\"elementor-widget-container\">\n\t\t\t\t\t\t\t\t\t<div class=\"elementor-button-wrapper\">\n\t\t\t\t\t<a class=\"elementor-button elementor-button-link elementor-size-md\" href=\"https:\/\/1drv.ms\/b\/s!AiaCaZulNUNMhIEwfzOpAUCWSakYCg?e=6dpewX\">\n\t\t\t\t\t\t<span class=\"elementor-button-content-wrapper\">\n\t\t\t\t\t\t\t\t\t<span class=\"elementor-button-text\">EDITAL SEMED N\u00b0 01\/2023<\/span>\n\t\t\t\t\t<\/span>\n\t\t\t\t\t<\/a>\n\t\t\t\t<\/div>\n\t\t\t\t\t\t\t\t<\/div>\n\t\t\t\t<\/div>\n\t\t\t\t\t<\/div>\n\t\t<\/div>\n\t\t\t\t\t<\/div>\n\t\t<\/section>\n\t\t\t\t<section class=\"elementor-section elementor-top-section elementor-element elementor-element-82f8f69 elementor-section-boxed elementor-section-height-default elementor-section-height-default\" data-id=\"82f8f69\" data-element_type=\"section\" data-e-type=\"section\">\n\t\t\t\t\t\t<div class=\"elementor-container elementor-column-gap-default\">\n\t\t\t\t\t<div class=\"elementor-column elementor-col-100 elementor-top-column elementor-element elementor-element-97617c9\" data-id=\"97617c9\" data-element_type=\"column\" data-e-type=\"column\">\n\t\t\t<div class=\"elementor-widget-wrap elementor-element-populated\">\n\t\t\t\t\t\t<div class=\"elementor-element elementor-element-98fe471 elementor-align-center elementor-widget elementor-widget-button\" data-id=\"98fe471\" data-element_type=\"widget\" data-e-type=\"widget\" data-widget_type=\"button.default\">\n\t\t\t\t<div class=\"elementor-widget-container\">\n\t\t\t\t\t\t\t\t\t<div class=\"elementor-button-wrapper\">\n\t\t\t\t\t<a class=\"elementor-button elementor-button-link elementor-size-md\" href=\"https:\/\/1drv.ms\/w\/s!AiaCaZulNUNMhIErhNwgWNxA9dwPGg?e=6ckgsC\">\n\t\t\t\t\t\t<span class=\"elementor-button-content-wrapper\">\n\t\t\t\t\t\t\t\t\t<span class=\"elementor-button-text\">ANEXOS DO EDITAL SEMED N\u00b0 01\/2023<\/span>\n\t\t\t\t\t<\/span>\n\t\t\t\t\t<\/a>\n\t\t\t\t<\/div>\n\t\t\t\t\t\t\t\t<\/div>\n\t\t\t\t<\/div>\n\t\t\t\t\t<\/div>\n\t\t<\/div>\n\t\t\t\t\t<\/div>\n\t\t<\/section>\n\t\t\t\t<section class=\"elementor-section elementor-top-section elementor-element elementor-element-0f8bdaf elementor-section-boxed elementor-section-height-default elementor-section-height-default\" data-id=\"0f8bdaf\" data-element_type=\"section\" data-e-type=\"section\">\n\t\t\t\t\t\t<div class=\"elementor-container elementor-column-gap-default\">\n\t\t\t\t\t<div class=\"elementor-column elementor-col-100 elementor-top-column elementor-element elementor-element-02e27c2\" data-id=\"02e27c2\" data-element_type=\"column\" data-e-type=\"column\">\n\t\t\t<div class=\"elementor-widget-wrap elementor-element-populated\">\n\t\t\t\t\t\t<div class=\"elementor-element elementor-element-fbcec60 elementor-widget elementor-widget-text-editor\" data-id=\"fbcec60\" data-element_type=\"widget\" data-e-type=\"widget\" data-widget_type=\"text-editor.default\">\n\t\t\t\t<div class=\"elementor-widget-container\">\n\t\t\t\t\t\t\t\t\t<section class=\"elementor-section elementor-top-section elementor-element elementor-element-e698aa1 elementor-section-boxed elementor-section-height-default elementor-section-height-default\" style=\"color: #333333; font-family: 'Libre Franklin', 'Helvetica Neue', helvetica, arial, sans-serif;\" data-id=\"e698aa1\" data-element_type=\"section\"><div class=\"elementor-container elementor-column-gap-default\"><div class=\"elementor-row\" style=\"width: 524.312px;\"><div class=\"elementor-column elementor-col-100 elementor-top-column elementor-element elementor-element-8cb353e\" style=\"width: 524.312px;\" data-id=\"8cb353e\" data-element_type=\"column\"><div class=\"elementor-column-wrap elementor-element-populated\" style=\"width: 524.312px;\"><div class=\"elementor-widget-wrap\" style=\"width: 524.312px;\"><div class=\"elementor-element elementor-element-0994eac elementor-widget elementor-widget-heading\" style=\"width: 504.312px; text-align: center;\" data-id=\"0994eac\" data-element_type=\"widget\" data-widget_type=\"heading.default\"><div class=\"elementor-widget-container\"><h2 class=\"elementor-heading-title elementor-size-default\" style=\"font-weight: var( --e-global-typography-primary-font-weight ); font-family: var( --e-global-typography-primary-font-family ), Sans-serif;\">INFORMA\u00c7\u00d5ES<\/h2><\/div><\/div><\/div><\/div><\/div><\/div><\/div><\/section><section class=\"elementor-section elementor-top-section elementor-element elementor-element-ac1216f elementor-section-boxed elementor-section-height-default elementor-section-height-default\" style=\"color: #333333; font-family: 'Libre Franklin', 'Helvetica Neue', helvetica, arial, sans-serif;\" data-id=\"ac1216f\" data-element_type=\"section\"><div class=\"elementor-container elementor-column-gap-default\"><div class=\"elementor-row\" style=\"width: 524.312px;\"><div class=\"elementor-column elementor-col-100 elementor-top-column elementor-element elementor-element-233156a\" style=\"width: 524.312px;\" data-id=\"233156a\" data-element_type=\"column\"><div class=\"elementor-column-wrap elementor-element-populated\" style=\"width: 524.312px;\"><div class=\"elementor-widget-wrap\" style=\"width: 524.312px;\"><div class=\"elementor-element elementor-element-322d4d7 elementor-widget elementor-widget-text-editor\" style=\"color: #030303; font-family: var( --e-global-typography-text-font-family ), Sans-serif; font-weight: var( --e-global-typography-text-font-weight ); width: 504.312px; text-align: center;\" data-id=\"322d4d7\" data-element_type=\"widget\" data-widget_type=\"text-editor.default\"><div class=\"elementor-widget-container\"><div class=\"elementor-text-editor elementor-clearfix\"><h4>(82) 9 9336.9483 [exclusivo WHATSAPP]<\/h4><\/div><\/div><\/div><\/div><\/div><\/div><\/div><\/div><\/section>\t\t\t\t\t\t\t\t<\/div>\n\t\t\t\t<\/div>\n\t\t\t\t\t<\/div>\n\t\t<\/div>\n\t\t\t\t\t<\/div>\n\t\t<\/section>\n\t\t\t\t<section class=\"elementor-section elementor-top-section elementor-element elementor-element-acfc228 elementor-section-boxed elementor-section-height-default elementor-section-height-default\" data-id=\"acfc228\" data-element_type=\"section\" data-e-type=\"section\">\n\t\t\t\t\t\t<div class=\"elementor-container elementor-column-gap-default\">\n\t\t\t\t\t<div class=\"elementor-column elementor-col-100 elementor-top-column elementor-element elementor-element-788e005\" data-id=\"788e005\" data-element_type=\"column\" data-e-type=\"column\">\n\t\t\t<div class=\"elementor-widget-wrap elementor-element-populated\">\n\t\t\t\t\t\t<div class=\"elementor-element elementor-element-f2c7544 elementor-widget elementor-widget-image\" data-id=\"f2c7544\" data-element_type=\"widget\" data-e-type=\"widget\" data-widget_type=\"image.default\">\n\t\t\t\t<div class=\"elementor-widget-container\">\n\t\t\t\t\t\t\t\t\t\t\t\t\t\t\t<img fetchpriority=\"high\" decoding=\"async\" width=\"525\" height=\"340\" src=\"https:\/\/selecoes.epistemeonline.com\/wp-content\/uploads\/2023\/01\/CRONOGRAMA.jpg\" class=\"attachment-large size-large wp-image-3737\" alt=\"\" srcset=\"https:\/\/selecoes.epistemeonline.com\/wp-content\/uploads\/2023\/01\/CRONOGRAMA.jpg 599w, https:\/\/selecoes.epistemeonline.com\/wp-content\/uploads\/2023\/01\/CRONOGRAMA-300x194.jpg 300w\" sizes=\"100vw\" \/>\t\t\t\t\t\t\t\t\t\t\t\t\t\t\t<\/div>\n\t\t\t\t<\/div>\n\t\t\t\t\t<\/div>\n\t\t<\/div>\n\t\t\t\t\t<\/div>\n\t\t<\/section>\n\t\t\t\t<section class=\"elementor-section elementor-top-section elementor-element elementor-element-b113605 elementor-section-boxed elementor-section-height-default elementor-section-height-default\" data-id=\"b113605\" data-element_type=\"section\" data-e-type=\"section\">\n\t\t\t\t\t\t<div class=\"elementor-container elementor-column-gap-default\">\n\t\t\t\t\t<div class=\"elementor-column elementor-col-100 elementor-top-column elementor-element elementor-element-7f8127c\" data-id=\"7f8127c\" data-element_type=\"column\" data-e-type=\"column\">\n\t\t\t<div class=\"elementor-widget-wrap elementor-element-populated\">\n\t\t\t\t\t\t<div class=\"elementor-element elementor-element-ea70d24 elementor-align-center elementor-widget elementor-widget-button\" data-id=\"ea70d24\" data-element_type=\"widget\" data-e-type=\"widget\" data-widget_type=\"button.default\">\n\t\t\t\t<div class=\"elementor-widget-container\">\n\t\t\t\t\t\t\t\t\t<div class=\"elementor-button-wrapper\">\n\t\t\t\t\t<a class=\"elementor-button elementor-size-lg\" role=\"button\">\n\t\t\t\t\t\t<span class=\"elementor-button-content-wrapper\">\n\t\t\t\t\t\t\t\t\t<span class=\"elementor-button-text\">FORMUL\u00c1RIO DE INSCRI\u00c7\u00c3O [clique aqui]<\/span>\n\t\t\t\t\t<\/span>\n\t\t\t\t\t<\/a>\n\t\t\t\t<\/div>\n\t\t\t\t\t\t\t\t<\/div>\n\t\t\t\t<\/div>\n\t\t\t\t\t<\/div>\n\t\t<\/div>\n\t\t\t\t\t<\/div>\n\t\t<\/section>\n\t\t\t\t<section class=\"elementor-section elementor-top-section elementor-element elementor-element-f8a803c elementor-section-boxed elementor-section-height-default elementor-section-height-default\" data-id=\"f8a803c\" data-element_type=\"section\" data-e-type=\"section\">\n\t\t\t\t\t\t<div class=\"elementor-container elementor-column-gap-default\">\n\t\t\t\t\t<div class=\"elementor-column elementor-col-100 elementor-top-column elementor-element elementor-element-d9a5fe4\" data-id=\"d9a5fe4\" data-element_type=\"column\" data-e-type=\"column\">\n\t\t\t<div class=\"elementor-widget-wrap elementor-element-populated\">\n\t\t\t\t\t\t<div class=\"elementor-element elementor-element-6609048 elementor-widget elementor-widget-image\" data-id=\"6609048\" data-element_type=\"widget\" data-e-type=\"widget\" data-widget_type=\"image.default\">\n\t\t\t\t<div class=\"elementor-widget-container\">\n\t\t\t\t\t\t\t\t\t\t\t\t\t\t\t<img decoding=\"async\" width=\"525\" height=\"250\" src=\"https:\/\/selecoes.epistemeonline.com\/wp-content\/uploads\/2023\/01\/Captura-de-tela-2023-01-18-115942.jpg\" class=\"attachment-large size-large wp-image-3767\" alt=\"\" srcset=\"https:\/\/selecoes.epistemeonline.com\/wp-content\/uploads\/2023\/01\/Captura-de-tela-2023-01-18-115942.jpg 598w, https:\/\/selecoes.epistemeonline.com\/wp-content\/uploads\/2023\/01\/Captura-de-tela-2023-01-18-115942-300x143.jpg 300w\" sizes=\"100vw\" \/>\t\t\t\t\t\t\t\t\t\t\t\t\t\t\t<\/div>\n\t\t\t\t<\/div>\n\t\t\t\t\t<\/div>\n\t\t<\/div>\n\t\t\t\t\t<\/div>\n\t\t<\/section>\n\t\t\t\t<section class=\"elementor-section elementor-top-section elementor-element elementor-element-1e39691 elementor-section-boxed elementor-section-height-default elementor-section-height-default\" data-id=\"1e39691\" data-element_type=\"section\" data-e-type=\"section\">\n\t\t\t\t\t\t<div class=\"elementor-container elementor-column-gap-default\">\n\t\t\t\t\t<div class=\"elementor-column elementor-col-100 elementor-top-column elementor-element elementor-element-266b625\" data-id=\"266b625\" data-element_type=\"column\" data-e-type=\"column\">\n\t\t\t<div class=\"elementor-widget-wrap elementor-element-populated\">\n\t\t\t\t\t\t<div class=\"elementor-element elementor-element-bd6db70 elementor-align-center elementor-widget elementor-widget-button\" data-id=\"bd6db70\" data-element_type=\"widget\" data-e-type=\"widget\" data-widget_type=\"button.default\">\n\t\t\t\t<div class=\"elementor-widget-container\">\n\t\t\t\t\t\t\t\t\t<div class=\"elementor-button-wrapper\">\n\t\t\t\t\t<a class=\"elementor-button elementor-button-link elementor-size-lg\" href=\"https:\/\/1drv.ms\/u\/s!AiaCaZulNUNMhIdj3p65lA-pYpN-Ow?e=cGkYc3\">\n\t\t\t\t\t\t<span class=\"elementor-button-content-wrapper\">\n\t\t\t\t\t\t\t\t\t<span class=\"elementor-button-text\">INSCRI\u00c7\u00d5ES HOMOLOGADAS<\/span>\n\t\t\t\t\t<\/span>\n\t\t\t\t\t<\/a>\n\t\t\t\t<\/div>\n\t\t\t\t\t\t\t\t<\/div>\n\t\t\t\t<\/div>\n\t\t\t\t\t<\/div>\n\t\t<\/div>\n\t\t\t\t\t<\/div>\n\t\t<\/section>\n\t\t\t\t<section class=\"elementor-section elementor-top-section elementor-element elementor-element-ed5c7cb elementor-section-boxed elementor-section-height-default elementor-section-height-default\" data-id=\"ed5c7cb\" data-element_type=\"section\" data-e-type=\"section\">\n\t\t\t\t\t\t<div class=\"elementor-container elementor-column-gap-default\">\n\t\t\t\t\t<div class=\"elementor-column elementor-col-100 elementor-top-column elementor-element elementor-element-8fabdb9\" data-id=\"8fabdb9\" data-element_type=\"column\" data-e-type=\"column\">\n\t\t\t<div class=\"elementor-widget-wrap elementor-element-populated\">\n\t\t\t\t\t\t<div class=\"elementor-element elementor-element-bccc19b elementor-widget elementor-widget-text-editor\" data-id=\"bccc19b\" data-element_type=\"widget\" data-e-type=\"widget\" data-widget_type=\"text-editor.default\">\n\t\t\t\t<div class=\"elementor-widget-container\">\n\t\t\t\t\t\t\t\t\t<p>CAROS CANDIDATOS<\/p><p>O Local de prova te\u00f3rica e teste situacional de Ibateguara ser\u00e1 na Escola Municipal Jo\u00e3o Francisco de Ara\u00fajo, Rua Coronel Jo\u00e3o Bezerra, ibateguara \u2013 Alagoas que ocorrer\u00e1 no Domingo dia 29\/01\/2023.<br \/>Abertura dos port\u00f5es \u00e0s 8:30h, com in\u00edcio das provas \u00e0s 9h.<br \/>O candidato deve levar documento com foto e caneta esferogr\u00e1fica de tinta preta ou azul.<\/p><p>Maiores informa\u00e7\u00f5es entre em contato conosco pelo Whatsapp:\u00a0 \u00a0 \u00a0 \u00a0 \u00a0 \u00a0 \u00a0 (82) 9 9336.9483<\/p><p>Desejamos a todos uma Boa Prova!!!<\/p>\t\t\t\t\t\t\t\t<\/div>\n\t\t\t\t<\/div>\n\t\t\t\t\t<\/div>\n\t\t<\/div>\n\t\t\t\t\t<\/div>\n\t\t<\/section>\n\t\t\t\t<section class=\"elementor-section elementor-top-section elementor-element elementor-element-fc72a96 elementor-section-boxed elementor-section-height-default elementor-section-height-default\" data-id=\"fc72a96\" data-element_type=\"section\" data-e-type=\"section\">\n\t\t\t\t\t\t<div class=\"elementor-container elementor-column-gap-default\">\n\t\t\t\t\t<div class=\"elementor-column elementor-col-100 elementor-top-column elementor-element elementor-element-7f20217\" data-id=\"7f20217\" data-element_type=\"column\" data-e-type=\"column\">\n\t\t\t<div class=\"elementor-widget-wrap elementor-element-populated\">\n\t\t\t\t\t\t<div class=\"elementor-element elementor-element-717653e elementor-align-center elementor-widget elementor-widget-button\" data-id=\"717653e\" data-element_type=\"widget\" data-e-type=\"widget\" data-widget_type=\"button.default\">\n\t\t\t\t<div class=\"elementor-widget-container\">\n\t\t\t\t\t\t\t\t\t<div class=\"elementor-button-wrapper\">\n\t\t\t\t\t<a class=\"elementor-button elementor-button-link elementor-size-lg\" href=\"https:\/\/1drv.ms\/x\/s!AiaCaZulNUNMhIldZnBONLyb37XNhg?e=kA6CVW\">\n\t\t\t\t\t\t<span class=\"elementor-button-content-wrapper\">\n\t\t\t\t\t\t\t\t\t<span class=\"elementor-button-text\">GABARITO DA PROVA<\/span>\n\t\t\t\t\t<\/span>\n\t\t\t\t\t<\/a>\n\t\t\t\t<\/div>\n\t\t\t\t\t\t\t\t<\/div>\n\t\t\t\t<\/div>\n\t\t\t\t\t<\/div>\n\t\t<\/div>\n\t\t\t\t\t<\/div>\n\t\t<\/section>\n\t\t\t\t<section class=\"elementor-section elementor-top-section elementor-element elementor-element-46cf96a elementor-section-boxed elementor-section-height-default elementor-section-height-default\" data-id=\"46cf96a\" data-element_type=\"section\" data-e-type=\"section\">\n\t\t\t\t\t\t<div class=\"elementor-container elementor-column-gap-default\">\n\t\t\t\t\t<div class=\"elementor-column elementor-col-100 elementor-top-column elementor-element elementor-element-54c516b\" data-id=\"54c516b\" data-element_type=\"column\" data-e-type=\"column\">\n\t\t\t<div class=\"elementor-widget-wrap elementor-element-populated\">\n\t\t\t\t\t\t<div class=\"elementor-element elementor-element-70661b5 elementor-align-center elementor-widget elementor-widget-button\" data-id=\"70661b5\" data-element_type=\"widget\" data-e-type=\"widget\" data-widget_type=\"button.default\">\n\t\t\t\t<div class=\"elementor-widget-container\">\n\t\t\t\t\t\t\t\t\t<div class=\"elementor-button-wrapper\">\n\t\t\t\t\t<a class=\"elementor-button elementor-size-lg\" role=\"button\">\n\t\t\t\t\t\t<span class=\"elementor-button-content-wrapper\">\n\t\t\t\t\t\t\t\t\t<span class=\"elementor-button-text\">REGISTRO DE RECURSO<\/span>\n\t\t\t\t\t<\/span>\n\t\t\t\t\t<\/a>\n\t\t\t\t<\/div>\n\t\t\t\t\t\t\t\t<\/div>\n\t\t\t\t<\/div>\n\t\t\t\t<div class=\"elementor-element elementor-element-1ce2201 elementor-align-center elementor-widget elementor-widget-button\" data-id=\"1ce2201\" data-element_type=\"widget\" data-e-type=\"widget\" data-widget_type=\"button.default\">\n\t\t\t\t<div class=\"elementor-widget-container\">\n\t\t\t\t\t\t\t\t\t<div class=\"elementor-button-wrapper\">\n\t\t\t\t\t<a class=\"elementor-button elementor-button-link elementor-size-lg\" href=\"https:\/\/1drv.ms\/b\/s!AiaCaZulNUNMhIlgD-8yVr-gUAPrGg?e=0bVE2M\">\n\t\t\t\t\t\t<span class=\"elementor-button-content-wrapper\">\n\t\t\t\t\t\t\t\t\t<span class=\"elementor-button-text\">RESULTADO FINAL<\/span>\n\t\t\t\t\t<\/span>\n\t\t\t\t\t<\/a>\n\t\t\t\t<\/div>\n\t\t\t\t\t\t\t\t<\/div>\n\t\t\t\t<\/div>\n\t\t\t\t\t<\/div>\n\t\t<\/div>\n\t\t\t\t\t<\/div>\n\t\t<\/section>\n\t\t\t\t<section class=\"elementor-section elementor-top-section elementor-element elementor-element-450ac77 elementor-section-boxed elementor-section-height-default elementor-section-height-default\" data-id=\"450ac77\" data-element_type=\"section\" data-e-type=\"section\">\n\t\t\t\t\t\t<div class=\"elementor-container elementor-column-gap-default\">\n\t\t\t\t\t<div class=\"elementor-column elementor-col-100 elementor-top-column elementor-element elementor-element-9bdf2c0\" data-id=\"9bdf2c0\" data-element_type=\"column\" data-e-type=\"column\">\n\t\t\t<div class=\"elementor-widget-wrap\">\n\t\t\t\t\t\t\t<\/div>\n\t\t<\/div>\n\t\t\t\t\t<\/div>\n\t\t<\/section>\n\t\t\t\t<\/div>\n\t\t","protected":false},"excerpt":{"rendered":"<p>EDITAL SEMED N\u00ba 01\/2023 PROCESSO SELETIVO SIMPLIFICADO POR COMPET\u00caNCIAS COM FOCO EM RESULTADOS ORGANIZACIONAIS PARA O PROVIMENTO DA FUN\u00c7\u00c3O DE DIRETOR E DIRETOR ADJUNTO ESCOLAR NAS UNIDADES P\u00daBLICAS MUNICIPAIS DE ENSINO DE IBATEGUARA\/AL A Secretaria Municipal de Educa\u00e7\u00e3o de Ibateguara\/AL, no uso de suas atribui\u00e7\u00f5es, previstas no \u00a7 1\u00ba do art. 1\u00ba da Lei Municipal &hellip; <\/p>\n<p class=\"link-more\"><a href=\"https:\/\/selecoes.epistemeonline.com\/index.php\/gestaoescolaribateguara\/\" class=\"more-link\">Continue lendo<span class=\"screen-reader-text\"> &#8220;GEST\u00c3O ESCOLAR IBATEGUARA&#8221;<\/span><\/a><\/p>\n","protected":false},"author":2,"featured_media":0,"parent":0,"menu_order":0,"comment_status":"closed","ping_status":"closed","template":"","meta":{"footnotes":""},"class_list":["post-3239","page","type-page","status-publish","hentry"],"_links":{"self":[{"href":"https:\/\/selecoes.epistemeonline.com\/index.php\/wp-json\/wp\/v2\/pages\/3239","targetHints":{"allow":["GET"]}}],"collection":[{"href":"https:\/\/selecoes.epistemeonline.com\/index.php\/wp-json\/wp\/v2\/pages"}],"about":[{"href":"https:\/\/selecoes.epistemeonline.com\/index.php\/wp-json\/wp\/v2\/types\/page"}],"author":[{"embeddable":true,"href":"https:\/\/selecoes.epistemeonline.com\/index.php\/wp-json\/wp\/v2\/users\/2"}],"replies":[{"embeddable":true,"href":"https:\/\/selecoes.epistemeonline.com\/index.php\/wp-json\/wp\/v2\/comments?post=3239"}],"version-history":[{"count":46,"href":"https:\/\/selecoes.epistemeonline.com\/index.php\/wp-json\/wp\/v2\/pages\/3239\/revisions"}],"predecessor-version":[{"id":3862,"href":"https:\/\/selecoes.epistemeonline.com\/index.php\/wp-json\/wp\/v2\/pages\/3239\/revisions\/3862"}],"wp:attachment":[{"href":"https:\/\/selecoes.epistemeonline.com\/index.php\/wp-json\/wp\/v2\/media?parent=3239"}],"curies":[{"name":"wp","href":"https:\/\/api.w.org\/{rel}","templated":true}]}}