{"id":3772,"date":"2023-01-19T12:12:27","date_gmt":"2023-01-19T15:12:27","guid":{"rendered":"http:\/\/selecoes.epistemeonline.com\/?page_id=3772"},"modified":"2023-02-27T11:37:38","modified_gmt":"2023-02-27T14:37:38","slug":"processo-seletivo-de-sao-bras","status":"publish","type":"page","link":"https:\/\/selecoes.epistemeonline.com\/index.php\/processo-seletivo-de-sao-bras\/","title":{"rendered":"PROCESSO SELETIVO DE S\u00c1O BR\u00c1S"},"content":{"rendered":"\t\t<div data-elementor-type=\"wp-page\" data-elementor-id=\"3772\" class=\"elementor elementor-3772\">\n\t\t\t\t\t\t<section class=\"elementor-section elementor-top-section elementor-element elementor-element-3b0d5ca elementor-section-boxed elementor-section-height-default elementor-section-height-default\" data-id=\"3b0d5ca\" data-element_type=\"section\" data-e-type=\"section\">\n\t\t\t\t\t\t<div class=\"elementor-container elementor-column-gap-default\">\n\t\t\t\t\t<div class=\"elementor-column elementor-col-100 elementor-top-column elementor-element elementor-element-27c9559\" data-id=\"27c9559\" data-element_type=\"column\" data-e-type=\"column\">\n\t\t\t<div class=\"elementor-widget-wrap elementor-element-populated\">\n\t\t\t\t\t\t<div class=\"elementor-element elementor-element-9cf9fd0 elementor-widget elementor-widget-image\" data-id=\"9cf9fd0\" data-element_type=\"widget\" data-e-type=\"widget\" data-widget_type=\"image.default\">\n\t\t\t\t<div class=\"elementor-widget-container\">\n\t\t\t\t\t\t\t\t\t\t\t\t\t\t\t<img fetchpriority=\"high\" decoding=\"async\" width=\"525\" height=\"146\" src=\"https:\/\/selecoes.epistemeonline.com\/wp-content\/uploads\/2023\/01\/Captura-de-tela-2023-01-19-122440.jpg\" class=\"attachment-large size-large wp-image-3782\" alt=\"\" srcset=\"https:\/\/selecoes.epistemeonline.com\/wp-content\/uploads\/2023\/01\/Captura-de-tela-2023-01-19-122440.jpg 1023w, https:\/\/selecoes.epistemeonline.com\/wp-content\/uploads\/2023\/01\/Captura-de-tela-2023-01-19-122440-300x84.jpg 300w, https:\/\/selecoes.epistemeonline.com\/wp-content\/uploads\/2023\/01\/Captura-de-tela-2023-01-19-122440-768x214.jpg 768w\" sizes=\"100vw\" \/>\t\t\t\t\t\t\t\t\t\t\t\t\t\t\t<\/div>\n\t\t\t\t<\/div>\n\t\t\t\t<div class=\"elementor-element elementor-element-df84d58 elementor-widget elementor-widget-text-editor\" data-id=\"df84d58\" data-element_type=\"widget\" data-e-type=\"widget\" data-widget_type=\"text-editor.default\">\n\t\t\t\t<div class=\"elementor-widget-container\">\n\t\t\t\t\t\t\t\t\t<p><strong>EDITAL SEMED N\u00ba 01\/2023<\/strong><\/p><p><strong>PROCESSO SELETIVO SIMPLIFICADO POR COMPET\u00caNCIAS COM FOCO EM RESULTADOS ORGANIZACIONAIS PARA O PROVIMENTO DA FUN\u00c7\u00c3O DE DIRETOR E DIRETOR ADJUNTO ESCOLAR NAS UNIDADES P\u00daBLICAS MUNICIPAIS DE ENSINO DE S\u00c3O BR\u00c1S\/AL<\/strong><\/p><p>\u00a0<\/p><p>A Secretaria Municipal de Educa\u00e7\u00e3o de S\u00e3o Br\u00e1s\/AL, no uso de suas atribui\u00e7\u00f5es, previstas no \u00a7 1\u00ba do art. 2\u00ba do Decreto Municipal n\u00ba 093\/2022, de 09 de Setembro de 2022, torna p\u00fablica a realiza\u00e7\u00e3o de <strong>PROCESSO SELETIVO SIMPLIFICADO POR COMPET\u00caNCIAS COM FOCO EM RESULTADOS ORGANIZACIONAIS, PARA O PROVIMENTO DA FUN\u00c7\u00c3O DE DIRETOR E DIRETOR ADJUNTO ESCOLAR NAS UNIDADES P\u00daBLICAS MUNICIPAIS DE ENSINO DE S\u00c3O BR\u00c1S\/AL<\/strong>, recrutando profissionais do magist\u00e9rio que tenham interesse em se credenciar para as fun\u00e7\u00f5es de Gestores Escolares \u2013 Diretor e Diretor Adjunto. Poder\u00e3o concorrer servidores efetivos em exerc\u00edcio da fun\u00e7\u00e3o do quadro permanente de pessoal, ocupantes do cargo de professor do Grupo de Magist\u00e9rio do Munic\u00edpio de S\u00e3o Br\u00e1s\/AL, conforme previstos na Lei Municipal n\u00ba 073\/2011.<\/p><p>Este Edital \u00e9 pautado pelos princ\u00edpios da isonomia, da legalidade e da moralidade, insculpidos nos Artigos 5\u00ba e 37 da Constitui\u00e7\u00e3o da Rep\u00fablica e tem como escopo, a identifica\u00e7\u00e3o de profissionais do magist\u00e9rio p\u00fablico municipal, com potencial adequado e determinados princ\u00edpios t\u00e9cnicos e comportamentais, necess\u00e1rios ao desempenho das fun\u00e7\u00f5es de gestor escolar na Rede Municipal de Ensino de S\u00e3o Br\u00e1s\/AL, conforme disposi\u00e7\u00f5es previstas no Decreto Municipal n\u00ba 093\/2022.<\/p>\t\t\t\t\t\t\t\t<\/div>\n\t\t\t\t<\/div>\n\t\t\t\t\t<\/div>\n\t\t<\/div>\n\t\t\t\t\t<\/div>\n\t\t<\/section>\n\t\t\t\t<section class=\"elementor-section elementor-top-section elementor-element elementor-element-57e7ea1 elementor-section-boxed elementor-section-height-default elementor-section-height-default\" data-id=\"57e7ea1\" data-element_type=\"section\" data-e-type=\"section\">\n\t\t\t\t\t\t<div class=\"elementor-container elementor-column-gap-default\">\n\t\t\t\t\t<div class=\"elementor-column elementor-col-100 elementor-top-column elementor-element elementor-element-418d05e\" data-id=\"418d05e\" data-element_type=\"column\" data-e-type=\"column\">\n\t\t\t<div class=\"elementor-widget-wrap elementor-element-populated\">\n\t\t\t\t\t\t<div class=\"elementor-element elementor-element-c0a415e elementor-align-center elementor-widget elementor-widget-button\" data-id=\"c0a415e\" data-element_type=\"widget\" data-e-type=\"widget\" data-widget_type=\"button.default\">\n\t\t\t\t<div class=\"elementor-widget-container\">\n\t\t\t\t\t\t\t\t\t<div class=\"elementor-button-wrapper\">\n\t\t\t\t\t<a class=\"elementor-button elementor-button-link elementor-size-lg\" href=\"https:\/\/1drv.ms\/b\/s!AiaCaZulNUNMhIc8ZpbGesAGYQCXHQ?e=z555dr\">\n\t\t\t\t\t\t<span class=\"elementor-button-content-wrapper\">\n\t\t\t\t\t\t\t\t\t<span class=\"elementor-button-text\">EDITAL SEMED N\u00b0 01\/2023 [clique aqui]<\/span>\n\t\t\t\t\t<\/span>\n\t\t\t\t\t<\/a>\n\t\t\t\t<\/div>\n\t\t\t\t\t\t\t\t<\/div>\n\t\t\t\t<\/div>\n\t\t\t\t\t<\/div>\n\t\t<\/div>\n\t\t\t\t\t<\/div>\n\t\t<\/section>\n\t\t\t\t<section class=\"elementor-section elementor-top-section elementor-element elementor-element-a3c2e22 elementor-section-boxed elementor-section-height-default elementor-section-height-default\" data-id=\"a3c2e22\" data-element_type=\"section\" data-e-type=\"section\">\n\t\t\t\t\t\t<div class=\"elementor-container elementor-column-gap-default\">\n\t\t\t\t\t<div class=\"elementor-column elementor-col-100 elementor-top-column elementor-element elementor-element-2016be0\" data-id=\"2016be0\" data-element_type=\"column\" data-e-type=\"column\">\n\t\t\t<div class=\"elementor-widget-wrap elementor-element-populated\">\n\t\t\t\t\t\t<div class=\"elementor-element elementor-element-5fc6abb elementor-align-center elementor-widget elementor-widget-button\" data-id=\"5fc6abb\" data-element_type=\"widget\" data-e-type=\"widget\" data-widget_type=\"button.default\">\n\t\t\t\t<div class=\"elementor-widget-container\">\n\t\t\t\t\t\t\t\t\t<div class=\"elementor-button-wrapper\">\n\t\t\t\t\t<a class=\"elementor-button elementor-button-link elementor-size-lg\" href=\"https:\/\/1drv.ms\/w\/s!AiaCaZulNUNMhIc-7uYGRcfZVDZSFQ?e=DRkeCF\">\n\t\t\t\t\t\t<span class=\"elementor-button-content-wrapper\">\n\t\t\t\t\t\t\t\t\t<span class=\"elementor-button-text\">ANEXOS DO EDITAL SEMED N\u00b0 01\/2023        [clique aqui]<\/span>\n\t\t\t\t\t<\/span>\n\t\t\t\t\t<\/a>\n\t\t\t\t<\/div>\n\t\t\t\t\t\t\t\t<\/div>\n\t\t\t\t<\/div>\n\t\t\t\t\t<\/div>\n\t\t<\/div>\n\t\t\t\t\t<\/div>\n\t\t<\/section>\n\t\t\t\t<section class=\"elementor-section elementor-top-section elementor-element elementor-element-cbd956f elementor-section-boxed elementor-section-height-default elementor-section-height-default\" data-id=\"cbd956f\" data-element_type=\"section\" data-e-type=\"section\">\n\t\t\t\t\t\t<div class=\"elementor-container elementor-column-gap-default\">\n\t\t\t\t\t<div class=\"elementor-column elementor-col-100 elementor-top-column elementor-element elementor-element-ca305a9\" data-id=\"ca305a9\" data-element_type=\"column\" data-e-type=\"column\">\n\t\t\t<div class=\"elementor-widget-wrap elementor-element-populated\">\n\t\t\t\t\t\t<div class=\"elementor-element elementor-element-d9c953b elementor-widget elementor-widget-image\" data-id=\"d9c953b\" data-element_type=\"widget\" data-e-type=\"widget\" data-widget_type=\"image.default\">\n\t\t\t\t<div class=\"elementor-widget-container\">\n\t\t\t\t\t\t\t\t\t\t\t\t\t\t\t<img decoding=\"async\" width=\"326\" height=\"78\" src=\"https:\/\/selecoes.epistemeonline.com\/wp-content\/uploads\/2023\/01\/Captura-de-tela-2023-01-19-131514.jpg\" class=\"attachment-large size-large wp-image-3790\" alt=\"\" srcset=\"https:\/\/selecoes.epistemeonline.com\/wp-content\/uploads\/2023\/01\/Captura-de-tela-2023-01-19-131514.jpg 326w, https:\/\/selecoes.epistemeonline.com\/wp-content\/uploads\/2023\/01\/Captura-de-tela-2023-01-19-131514-300x72.jpg 300w\" sizes=\"100vw\" \/>\t\t\t\t\t\t\t\t\t\t\t\t\t\t\t<\/div>\n\t\t\t\t<\/div>\n\t\t\t\t\t<\/div>\n\t\t<\/div>\n\t\t\t\t\t<\/div>\n\t\t<\/section>\n\t\t\t\t<section class=\"elementor-section elementor-top-section elementor-element elementor-element-6ce7803 elementor-section-boxed elementor-section-height-default elementor-section-height-default\" data-id=\"6ce7803\" data-element_type=\"section\" data-e-type=\"section\">\n\t\t\t\t\t\t<div class=\"elementor-container elementor-column-gap-default\">\n\t\t\t\t\t<div class=\"elementor-column elementor-col-100 elementor-top-column elementor-element elementor-element-a72b983\" data-id=\"a72b983\" data-element_type=\"column\" data-e-type=\"column\">\n\t\t\t<div class=\"elementor-widget-wrap elementor-element-populated\">\n\t\t\t\t\t\t<div class=\"elementor-element elementor-element-e7cfe5e elementor-widget elementor-widget-image\" data-id=\"e7cfe5e\" data-element_type=\"widget\" data-e-type=\"widget\" data-widget_type=\"image.default\">\n\t\t\t\t<div class=\"elementor-widget-container\">\n\t\t\t\t\t\t\t\t\t\t\t\t\t\t\t<img decoding=\"async\" width=\"525\" height=\"356\" src=\"https:\/\/selecoes.epistemeonline.com\/wp-content\/uploads\/2023\/01\/Captura-de-tela-2023-01-19-123051.jpg\" class=\"attachment-large size-large wp-image-3783\" alt=\"\" srcset=\"https:\/\/selecoes.epistemeonline.com\/wp-content\/uploads\/2023\/01\/Captura-de-tela-2023-01-19-123051.jpg 595w, https:\/\/selecoes.epistemeonline.com\/wp-content\/uploads\/2023\/01\/Captura-de-tela-2023-01-19-123051-300x204.jpg 300w\" sizes=\"100vw\" \/>\t\t\t\t\t\t\t\t\t\t\t\t\t\t\t<\/div>\n\t\t\t\t<\/div>\n\t\t\t\t<div class=\"elementor-element elementor-element-a05b68d elementor-align-center elementor-widget elementor-widget-button\" data-id=\"a05b68d\" data-element_type=\"widget\" data-e-type=\"widget\" data-widget_type=\"button.default\">\n\t\t\t\t<div class=\"elementor-widget-container\">\n\t\t\t\t\t\t\t\t\t<div class=\"elementor-button-wrapper\">\n\t\t\t\t\t<a class=\"elementor-button elementor-size-lg\" role=\"button\">\n\t\t\t\t\t\t<span class=\"elementor-button-content-wrapper\">\n\t\t\t\t\t\t\t\t\t<span class=\"elementor-button-text\">FORMUL\u00c1RIO DE INSCRI\u00c7\u00c3O [Clique aqui]<\/span>\n\t\t\t\t\t<\/span>\n\t\t\t\t\t<\/a>\n\t\t\t\t<\/div>\n\t\t\t\t\t\t\t\t<\/div>\n\t\t\t\t<\/div>\n\t\t\t\t\t<\/div>\n\t\t<\/div>\n\t\t\t\t\t<\/div>\n\t\t<\/section>\n\t\t\t\t<section class=\"elementor-section elementor-top-section elementor-element elementor-element-e696a56 elementor-section-boxed elementor-section-height-default elementor-section-height-default\" data-id=\"e696a56\" data-element_type=\"section\" data-e-type=\"section\">\n\t\t\t\t\t\t<div class=\"elementor-container elementor-column-gap-default\">\n\t\t\t\t\t<div class=\"elementor-column elementor-col-100 elementor-top-column elementor-element elementor-element-59519b8\" data-id=\"59519b8\" data-element_type=\"column\" data-e-type=\"column\">\n\t\t\t<div class=\"elementor-widget-wrap elementor-element-populated\">\n\t\t\t\t\t\t<div class=\"elementor-element elementor-element-0148bb7 elementor-widget elementor-widget-text-editor\" data-id=\"0148bb7\" data-element_type=\"widget\" data-e-type=\"widget\" data-widget_type=\"text-editor.default\">\n\t\t\t\t<div class=\"elementor-widget-container\">\n\t\t\t\t\t\t\t\t\t<p><strong>CAROS CANDIDATOS<\/strong><\/p><p>DEVIDO AS FESTIVIDADES NO MUNIC\u00cdPIO DE S\u00c1O BR\u00c1S, ALTERAREMOS O CRONOGRAMA.\u00a0<\/p><p><em>Pedimos a compreens\u00e3o de todos<\/em><\/p><p>\u00a0<\/p>\t\t\t\t\t\t\t\t<\/div>\n\t\t\t\t<\/div>\n\t\t\t\t\t<\/div>\n\t\t<\/div>\n\t\t\t\t\t<\/div>\n\t\t<\/section>\n\t\t\t\t<section class=\"elementor-section elementor-top-section elementor-element elementor-element-f487ad6 elementor-section-boxed elementor-section-height-default elementor-section-height-default\" data-id=\"f487ad6\" data-element_type=\"section\" data-e-type=\"section\">\n\t\t\t\t\t\t<div class=\"elementor-container elementor-column-gap-default\">\n\t\t\t\t\t<div class=\"elementor-column elementor-col-100 elementor-top-column elementor-element elementor-element-2a46172\" data-id=\"2a46172\" data-element_type=\"column\" data-e-type=\"column\">\n\t\t\t<div class=\"elementor-widget-wrap elementor-element-populated\">\n\t\t\t\t\t\t<div class=\"elementor-element elementor-element-1baa1f8 elementor-widget elementor-widget-image\" data-id=\"1baa1f8\" data-element_type=\"widget\" data-e-type=\"widget\" data-widget_type=\"image.default\">\n\t\t\t\t<div class=\"elementor-widget-container\">\n\t\t\t\t\t\t\t\t\t\t\t\t\t\t\t<img loading=\"lazy\" decoding=\"async\" width=\"525\" height=\"256\" src=\"https:\/\/selecoes.epistemeonline.com\/wp-content\/uploads\/2023\/01\/novo-cronograma.jpg\" class=\"attachment-large size-large wp-image-3834\" alt=\"\" srcset=\"https:\/\/selecoes.epistemeonline.com\/wp-content\/uploads\/2023\/01\/novo-cronograma.jpg 599w, https:\/\/selecoes.epistemeonline.com\/wp-content\/uploads\/2023\/01\/novo-cronograma-300x146.jpg 300w\" sizes=\"100vw\" \/>\t\t\t\t\t\t\t\t\t\t\t\t\t\t\t<\/div>\n\t\t\t\t<\/div>\n\t\t\t\t\t<\/div>\n\t\t<\/div>\n\t\t\t\t\t<\/div>\n\t\t<\/section>\n\t\t\t\t<section class=\"elementor-section elementor-top-section elementor-element elementor-element-205a22e elementor-section-boxed elementor-section-height-default elementor-section-height-default\" data-id=\"205a22e\" data-element_type=\"section\" data-e-type=\"section\">\n\t\t\t\t\t\t<div class=\"elementor-container elementor-column-gap-default\">\n\t\t\t\t\t<div class=\"elementor-column elementor-col-100 elementor-top-column elementor-element elementor-element-b15b8ee\" data-id=\"b15b8ee\" data-element_type=\"column\" data-e-type=\"column\">\n\t\t\t<div class=\"elementor-widget-wrap elementor-element-populated\">\n\t\t\t\t\t\t<div class=\"elementor-element elementor-element-a25e626 elementor-align-center elementor-widget elementor-widget-button\" data-id=\"a25e626\" data-element_type=\"widget\" data-e-type=\"widget\" data-widget_type=\"button.default\">\n\t\t\t\t<div class=\"elementor-widget-container\">\n\t\t\t\t\t\t\t\t\t<div class=\"elementor-button-wrapper\">\n\t\t\t\t\t<a class=\"elementor-button elementor-button-link elementor-size-lg\" href=\"https:\/\/1drv.ms\/b\/s!AiaCaZulNUNMhIoBn9cSG0XrOEblgA?e=kTuzEn\">\n\t\t\t\t\t\t<span class=\"elementor-button-content-wrapper\">\n\t\t\t\t\t\t\t\t\t<span class=\"elementor-button-text\">INSCRI\u00c7\u00d5ES HOMOLOGADAS<\/span>\n\t\t\t\t\t<\/span>\n\t\t\t\t\t<\/a>\n\t\t\t\t<\/div>\n\t\t\t\t\t\t\t\t<\/div>\n\t\t\t\t<\/div>\n\t\t\t\t\t<\/div>\n\t\t<\/div>\n\t\t\t\t\t<\/div>\n\t\t<\/section>\n\t\t\t\t<section class=\"elementor-section elementor-top-section elementor-element elementor-element-a478551 elementor-section-boxed elementor-section-height-default elementor-section-height-default\" data-id=\"a478551\" data-element_type=\"section\" data-e-type=\"section\">\n\t\t\t\t\t\t<div class=\"elementor-container elementor-column-gap-default\">\n\t\t\t\t\t<div class=\"elementor-column elementor-col-100 elementor-top-column elementor-element elementor-element-8102908\" data-id=\"8102908\" data-element_type=\"column\" data-e-type=\"column\">\n\t\t\t<div class=\"elementor-widget-wrap elementor-element-populated\">\n\t\t\t\t\t\t<div class=\"elementor-element elementor-element-63a66e8 elementor-align-center elementor-widget elementor-widget-button\" data-id=\"63a66e8\" data-element_type=\"widget\" data-e-type=\"widget\" data-widget_type=\"button.default\">\n\t\t\t\t<div class=\"elementor-widget-container\">\n\t\t\t\t\t\t\t\t\t<div class=\"elementor-button-wrapper\">\n\t\t\t\t\t<a class=\"elementor-button elementor-button-link elementor-size-lg\" href=\"https:\/\/1drv.ms\/b\/s!AiaCaZulNUNMhIoQq4na81xdNWMzpA?e=vStJcK\">\n\t\t\t\t\t\t<span class=\"elementor-button-content-wrapper\">\n\t\t\t\t\t\t\t\t\t<span class=\"elementor-button-text\">CONVOCA\u00c7\u00c3O<\/span>\n\t\t\t\t\t<\/span>\n\t\t\t\t\t<\/a>\n\t\t\t\t<\/div>\n\t\t\t\t\t\t\t\t<\/div>\n\t\t\t\t<\/div>\n\t\t\t\t\t<\/div>\n\t\t<\/div>\n\t\t\t\t\t<\/div>\n\t\t<\/section>\n\t\t\t\t<section class=\"elementor-section elementor-top-section elementor-element elementor-element-958816b elementor-section-boxed elementor-section-height-default elementor-section-height-default\" data-id=\"958816b\" data-element_type=\"section\" data-e-type=\"section\">\n\t\t\t\t\t\t<div class=\"elementor-container elementor-column-gap-default\">\n\t\t\t\t\t<div class=\"elementor-column elementor-col-100 elementor-top-column elementor-element elementor-element-1fc1fea\" data-id=\"1fc1fea\" data-element_type=\"column\" data-e-type=\"column\">\n\t\t\t<div class=\"elementor-widget-wrap elementor-element-populated\">\n\t\t\t\t\t\t<div class=\"elementor-element elementor-element-a50a6e5 elementor-widget elementor-widget-image\" data-id=\"a50a6e5\" data-element_type=\"widget\" data-e-type=\"widget\" data-widget_type=\"image.default\">\n\t\t\t\t<div class=\"elementor-widget-container\">\n\t\t\t\t\t\t\t\t\t\t\t\t\t\t\t<img loading=\"lazy\" decoding=\"async\" width=\"525\" height=\"228\" src=\"https:\/\/selecoes.epistemeonline.com\/wp-content\/uploads\/2023\/02\/cronograma-2.jpg\" class=\"attachment-large size-large wp-image-3907\" alt=\"\" srcset=\"https:\/\/selecoes.epistemeonline.com\/wp-content\/uploads\/2023\/02\/cronograma-2.jpg 830w, https:\/\/selecoes.epistemeonline.com\/wp-content\/uploads\/2023\/02\/cronograma-2-300x130.jpg 300w, https:\/\/selecoes.epistemeonline.com\/wp-content\/uploads\/2023\/02\/cronograma-2-768x333.jpg 768w\" sizes=\"100vw\" \/>\t\t\t\t\t\t\t\t\t\t\t\t\t\t\t<\/div>\n\t\t\t\t<\/div>\n\t\t\t\t\t<\/div>\n\t\t<\/div>\n\t\t\t\t\t<\/div>\n\t\t<\/section>\n\t\t\t\t<section class=\"elementor-section elementor-top-section elementor-element elementor-element-18761d6 elementor-section-boxed elementor-section-height-default elementor-section-height-default\" data-id=\"18761d6\" data-element_type=\"section\" data-e-type=\"section\">\n\t\t\t\t\t\t<div class=\"elementor-container elementor-column-gap-default\">\n\t\t\t\t\t<div class=\"elementor-column elementor-col-100 elementor-top-column elementor-element elementor-element-84f1535\" data-id=\"84f1535\" data-element_type=\"column\" data-e-type=\"column\">\n\t\t\t<div class=\"elementor-widget-wrap elementor-element-populated\">\n\t\t\t\t\t\t<div class=\"elementor-element elementor-element-a5c0f20 elementor-widget elementor-widget-text-editor\" data-id=\"a5c0f20\" data-element_type=\"widget\" data-e-type=\"widget\" data-widget_type=\"text-editor.default\">\n\t\t\t\t<div class=\"elementor-widget-container\">\n\t\t\t\t\t\t\t\t\t<p><strong>COMUNICADO:<\/strong><\/p><p><strong>Em virtude de solicita\u00e7\u00e3o dos candidatos em momento de apresenta\u00e7\u00e3o dos Planos de Gest\u00e3o, a Comiss\u00e3o do PSS decidiu oportunizar mais um per\u00edodo para anexar comprova\u00e7\u00f5es de t\u00edtulos, ocorrendo esta de forma complementar aos t\u00edtulos j\u00e1 apresentados dos candidatos inscritos no presente certame.<\/strong><\/p>\t\t\t\t\t\t\t\t<\/div>\n\t\t\t\t<\/div>\n\t\t\t\t<div class=\"elementor-element elementor-element-68c3a7e elementor-widget elementor-widget-image\" data-id=\"68c3a7e\" data-element_type=\"widget\" data-e-type=\"widget\" data-widget_type=\"image.default\">\n\t\t\t\t<div class=\"elementor-widget-container\">\n\t\t\t\t\t\t\t\t\t\t\t\t\t\t\t<img loading=\"lazy\" decoding=\"async\" width=\"525\" height=\"225\" src=\"https:\/\/selecoes.epistemeonline.com\/wp-content\/uploads\/2023\/02\/CRONOGRAMA-DO-PLANO-DE-GESTAO.jpg\" class=\"attachment-large size-large wp-image-3988\" alt=\"\" srcset=\"https:\/\/selecoes.epistemeonline.com\/wp-content\/uploads\/2023\/02\/CRONOGRAMA-DO-PLANO-DE-GESTAO.jpg 612w, https:\/\/selecoes.epistemeonline.com\/wp-content\/uploads\/2023\/02\/CRONOGRAMA-DO-PLANO-DE-GESTAO-300x128.jpg 300w\" sizes=\"100vw\" \/>\t\t\t\t\t\t\t\t\t\t\t\t\t\t\t<\/div>\n\t\t\t\t<\/div>\n\t\t\t\t\t<\/div>\n\t\t<\/div>\n\t\t\t\t\t<\/div>\n\t\t<\/section>\n\t\t\t\t<section class=\"elementor-section elementor-top-section elementor-element elementor-element-f8988ea elementor-section-boxed elementor-section-height-default elementor-section-height-default\" data-id=\"f8988ea\" data-element_type=\"section\" data-e-type=\"section\">\n\t\t\t\t\t\t<div class=\"elementor-container elementor-column-gap-default\">\n\t\t\t\t\t<div class=\"elementor-column elementor-col-100 elementor-top-column elementor-element elementor-element-1e2e7e4\" data-id=\"1e2e7e4\" data-element_type=\"column\" data-e-type=\"column\">\n\t\t\t<div class=\"elementor-widget-wrap elementor-element-populated\">\n\t\t\t\t\t\t<div class=\"elementor-element elementor-element-9352fce elementor-align-center elementor-widget elementor-widget-button\" data-id=\"9352fce\" data-element_type=\"widget\" data-e-type=\"widget\" data-widget_type=\"button.default\">\n\t\t\t\t<div class=\"elementor-widget-container\">\n\t\t\t\t\t\t\t\t\t<div class=\"elementor-button-wrapper\">\n\t\t\t\t\t<a class=\"elementor-button elementor-button-link elementor-size-lg\" href=\"https:\/\/1drv.ms\/b\/s!AiaCaZulNUNMhIwp4muEtxFtZdfA4g?e=4VngIy\">\n\t\t\t\t\t\t<span class=\"elementor-button-content-wrapper\">\n\t\t\t\t\t\t\t\t\t<span class=\"elementor-button-text\">RESULTADO PARCIAL<\/span>\n\t\t\t\t\t<\/span>\n\t\t\t\t\t<\/a>\n\t\t\t\t<\/div>\n\t\t\t\t\t\t\t\t<\/div>\n\t\t\t\t<\/div>\n\t\t\t\t\t<\/div>\n\t\t<\/div>\n\t\t\t\t\t<\/div>\n\t\t<\/section>\n\t\t\t\t<section class=\"elementor-section elementor-top-section elementor-element elementor-element-77be23d elementor-section-boxed elementor-section-height-default elementor-section-height-default\" data-id=\"77be23d\" data-element_type=\"section\" data-e-type=\"section\">\n\t\t\t\t\t\t<div class=\"elementor-container elementor-column-gap-default\">\n\t\t\t\t\t<div class=\"elementor-column elementor-col-100 elementor-top-column elementor-element elementor-element-54180bb\" data-id=\"54180bb\" data-element_type=\"column\" data-e-type=\"column\">\n\t\t\t<div class=\"elementor-widget-wrap elementor-element-populated\">\n\t\t\t\t\t\t<div class=\"elementor-element elementor-element-4687d6c elementor-align-center elementor-widget elementor-widget-button\" data-id=\"4687d6c\" data-element_type=\"widget\" data-e-type=\"widget\" data-widget_type=\"button.default\">\n\t\t\t\t<div class=\"elementor-widget-container\">\n\t\t\t\t\t\t\t\t\t<div class=\"elementor-button-wrapper\">\n\t\t\t\t\t<a class=\"elementor-button elementor-button-link elementor-size-lg\" href=\"https:\/\/selecoes.epistemeonline.com\/index.php\/3977-2\/\">\n\t\t\t\t\t\t<span class=\"elementor-button-content-wrapper\">\n\t\t\t\t\t\t\t\t\t<span class=\"elementor-button-text\">ENVIO DE RECURSOS<\/span>\n\t\t\t\t\t<\/span>\n\t\t\t\t\t<\/a>\n\t\t\t\t<\/div>\n\t\t\t\t\t\t\t\t<\/div>\n\t\t\t\t<\/div>\n\t\t\t\t\t<\/div>\n\t\t<\/div>\n\t\t\t\t\t<\/div>\n\t\t<\/section>\n\t\t\t\t<section class=\"elementor-section elementor-top-section elementor-element elementor-element-86d68ef elementor-section-boxed elementor-section-height-default elementor-section-height-default\" data-id=\"86d68ef\" data-element_type=\"section\" data-e-type=\"section\">\n\t\t\t\t\t\t<div class=\"elementor-container elementor-column-gap-default\">\n\t\t\t\t\t<div class=\"elementor-column elementor-col-100 elementor-top-column elementor-element elementor-element-c01fed8\" data-id=\"c01fed8\" data-element_type=\"column\" data-e-type=\"column\">\n\t\t\t<div class=\"elementor-widget-wrap elementor-element-populated\">\n\t\t\t\t\t\t<div class=\"elementor-element elementor-element-18137a5 elementor-align-center elementor-widget elementor-widget-button\" data-id=\"18137a5\" data-element_type=\"widget\" data-e-type=\"widget\" data-widget_type=\"button.default\">\n\t\t\t\t<div class=\"elementor-widget-container\">\n\t\t\t\t\t\t\t\t\t<div class=\"elementor-button-wrapper\">\n\t\t\t\t\t<a class=\"elementor-button elementor-button-link elementor-size-lg\" href=\"https:\/\/1drv.ms\/b\/s!AiaCaZulNUNMhIwp4muEtxFtZdfA4g?e=GrY8Ma\">\n\t\t\t\t\t\t<span class=\"elementor-button-content-wrapper\">\n\t\t\t\t\t\t\t\t\t<span class=\"elementor-button-text\">RESULTADO FINAL<\/span>\n\t\t\t\t\t<\/span>\n\t\t\t\t\t<\/a>\n\t\t\t\t<\/div>\n\t\t\t\t\t\t\t\t<\/div>\n\t\t\t\t<\/div>\n\t\t\t\t\t<\/div>\n\t\t<\/div>\n\t\t\t\t\t<\/div>\n\t\t<\/section>\n\t\t\t\t<\/div>\n\t\t","protected":false},"excerpt":{"rendered":"<p>EDITAL SEMED N\u00ba 01\/2023 PROCESSO SELETIVO SIMPLIFICADO POR COMPET\u00caNCIAS COM FOCO EM RESULTADOS ORGANIZACIONAIS PARA O PROVIMENTO DA FUN\u00c7\u00c3O DE DIRETOR E DIRETOR ADJUNTO ESCOLAR NAS UNIDADES P\u00daBLICAS MUNICIPAIS DE ENSINO DE S\u00c3O BR\u00c1S\/AL \u00a0 A Secretaria Municipal de Educa\u00e7\u00e3o de S\u00e3o Br\u00e1s\/AL, no uso de suas atribui\u00e7\u00f5es, previstas no \u00a7 1\u00ba do art. 2\u00ba &hellip; <\/p>\n<p class=\"link-more\"><a href=\"https:\/\/selecoes.epistemeonline.com\/index.php\/processo-seletivo-de-sao-bras\/\" class=\"more-link\">Continue lendo<span class=\"screen-reader-text\"> &#8220;PROCESSO SELETIVO DE S\u00c1O BR\u00c1S&#8221;<\/span><\/a><\/p>\n","protected":false},"author":2,"featured_media":0,"parent":0,"menu_order":0,"comment_status":"closed","ping_status":"closed","template":"","meta":{"footnotes":""},"class_list":["post-3772","page","type-page","status-publish","hentry"],"_links":{"self":[{"href":"https:\/\/selecoes.epistemeonline.com\/index.php\/wp-json\/wp\/v2\/pages\/3772","targetHints":{"allow":["GET"]}}],"collection":[{"href":"https:\/\/selecoes.epistemeonline.com\/index.php\/wp-json\/wp\/v2\/pages"}],"about":[{"href":"https:\/\/selecoes.epistemeonline.com\/index.php\/wp-json\/wp\/v2\/types\/page"}],"author":[{"embeddable":true,"href":"https:\/\/selecoes.epistemeonline.com\/index.php\/wp-json\/wp\/v2\/users\/2"}],"replies":[{"embeddable":true,"href":"https:\/\/selecoes.epistemeonline.com\/index.php\/wp-json\/wp\/v2\/comments?post=3772"}],"version-history":[{"count":43,"href":"https:\/\/selecoes.epistemeonline.com\/index.php\/wp-json\/wp\/v2\/pages\/3772\/revisions"}],"predecessor-version":[{"id":3998,"href":"https:\/\/selecoes.epistemeonline.com\/index.php\/wp-json\/wp\/v2\/pages\/3772\/revisions\/3998"}],"wp:attachment":[{"href":"https:\/\/selecoes.epistemeonline.com\/index.php\/wp-json\/wp\/v2\/media?parent=3772"}],"curies":[{"name":"wp","href":"https:\/\/api.w.org\/{rel}","templated":true}]}}