{"id":3875,"date":"2023-02-13T00:17:26","date_gmt":"2023-02-13T03:17:26","guid":{"rendered":"https:\/\/selecoes.epistemeonline.com\/?page_id=3875"},"modified":"2023-02-13T00:30:23","modified_gmt":"2023-02-13T03:30:23","slug":"inscricao-prodema","status":"publish","type":"page","link":"https:\/\/selecoes.epistemeonline.com\/index.php\/inscricao-prodema\/","title":{"rendered":"INSCRI\u00c7\u00c3O NO CURSO DE FINANCIAMENTO DA EDUCA\u00c7\u00c3O E FUNDAMENTA\u00c7\u00c3O DE PROCESSOS ADMINISTRATIVO"},"content":{"rendered":"\t\t<div data-elementor-type=\"wp-page\" data-elementor-id=\"3875\" class=\"elementor elementor-3875\">\n\t\t\t\t\t\t<section class=\"elementor-section elementor-top-section elementor-element elementor-element-320c428b elementor-section-boxed elementor-section-height-default elementor-section-height-default\" data-id=\"320c428b\" data-element_type=\"section\" data-e-type=\"section\">\n\t\t\t\t\t\t<div class=\"elementor-container elementor-column-gap-default\">\n\t\t\t\t\t<div class=\"elementor-column elementor-col-100 elementor-top-column elementor-element elementor-element-4228d67b\" data-id=\"4228d67b\" data-element_type=\"column\" data-e-type=\"column\">\n\t\t\t<div class=\"elementor-widget-wrap elementor-element-populated\">\n\t\t\t\t\t\t<div class=\"elementor-element elementor-element-1da9dfcf elementor-widget elementor-widget-text-editor\" data-id=\"1da9dfcf\" data-element_type=\"widget\" data-e-type=\"widget\" data-widget_type=\"text-editor.default\">\n\t\t\t\t<div class=\"elementor-widget-container\">\n\t\t\t\t\t\t\t\t\t<div class=\"wpforms-container wpforms-container-full\" id=\"wpforms-3871\"><form id=\"wpforms-form-3871\" class=\"wpforms-validate wpforms-form\" data-formid=\"3871\" method=\"post\" enctype=\"multipart\/form-data\" action=\"\/index.php\/wp-json\/wp\/v2\/pages\/3875?wpforms_form_id=3871\" data-token=\"926f57a4d572acef5996da571db03df5\"><noscript class=\"wpforms-error-noscript\">Ative o JavaScript no seu navegador para preencher este formul\u00e1rio.<\/noscript><div class=\"wpforms-field-container\"><div id=\"wpforms-3871-field_3-container\" class=\"wpforms-field wpforms-field-select wpforms-field-select-style-classic\" data-field-id=\"3\"><label class=\"wpforms-field-label\" for=\"wpforms-3871-field_3\">MUNIC\u00cdPIO<\/label><select id=\"wpforms-3871-field_3\" class=\"wpforms-field-medium\" name=\"wpforms[fields][3]\"><option value=\"BELO MONTE\" >BELO MONTE<\/option><option value=\"BOCA DA MATA\" >BOCA DA MATA<\/option><option value=\"CAMPO ALEGRE\" >CAMPO ALEGRE<\/option><option value=\"CAMPO GRANDE\" >CAMPO GRANDE<\/option><option value=\"CARNEIROS\" >CARNEIROS<\/option><option value=\"COLONIA DE LEOPOLDINA\" >COLONIA DE LEOPOLDINA<\/option><option value=\"GIRAU DO PONCIANO\" >GIRAU DO PONCIANO<\/option><option value=\"IBATEGUARA\" >IBATEGUARA<\/option><option value=\"MARAVILHA\" >MARAVILHA<\/option><option value=\"MURICI\" >MURICI<\/option><option value=\"OLHO D&#039;\u00c1GUA GRANDE\" >OLHO D&#039;\u00c1GUA GRANDE<\/option><option value=\"PARIPUEIRA\" >PARIPUEIRA<\/option><option value=\"S\u00c3O BR\u00c1S\" >S\u00c3O BR\u00c1S<\/option><option value=\"S\u00c3O SEBASTI\u00c3O\" >S\u00c3O SEBASTI\u00c3O<\/option><option value=\"SENADOR RUI PALMEIRA\" >SENADOR RUI PALMEIRA<\/option><\/select><\/div><div id=\"wpforms-3871-field_1-container\" class=\"wpforms-field wpforms-field-text\" data-field-id=\"1\"><label class=\"wpforms-field-label\" for=\"wpforms-3871-field_1\">NOME COMPLETO <span class=\"wpforms-required-label\">*<\/span><\/label><input type=\"text\" id=\"wpforms-3871-field_1\" class=\"wpforms-field-medium wpforms-field-required\" name=\"wpforms[fields][1]\" required><\/div><div id=\"wpforms-3871-field_2-container\" class=\"wpforms-field wpforms-field-text\" data-field-id=\"2\"><label class=\"wpforms-field-label\" for=\"wpforms-3871-field_2\">N\u00daMERO DO CPF <span class=\"wpforms-required-label\">*<\/span><\/label><input type=\"text\" id=\"wpforms-3871-field_2\" class=\"wpforms-field-medium wpforms-field-required\" name=\"wpforms[fields][2]\" required><div class=\"wpforms-field-description\">Apenas n\u00fameros<\/div><\/div><div id=\"wpforms-3871-field_4-container\" class=\"wpforms-field wpforms-field-email\" data-field-id=\"4\"><label class=\"wpforms-field-label\" for=\"wpforms-3871-field_4\">E-mail <span class=\"wpforms-required-label\">*<\/span><\/label><input type=\"email\" id=\"wpforms-3871-field_4\" class=\"wpforms-field-medium wpforms-field-required\" name=\"wpforms[fields][4]\" required><\/div><div id=\"wpforms-3871-field_5-container\" class=\"wpforms-field wpforms-field-phone\" data-field-id=\"5\"><label class=\"wpforms-field-label\" for=\"wpforms-3871-field_5\">Telefone <span class=\"wpforms-required-label\">*<\/span><\/label><input type=\"tel\" id=\"wpforms-3871-field_5\" class=\"wpforms-field-medium wpforms-field-required wpforms-smart-phone-field\" data-rule-smart-phone-field=\"true\" name=\"wpforms[fields][5]\" required><div class=\"wpforms-field-description\">Preferencialmente n\u00famero do WhatsApp<\/div><\/div><div id=\"wpforms-3871-field_6-container\" class=\"wpforms-field wpforms-field-file-upload\" data-field-id=\"6\"><label class=\"wpforms-field-label\" for=\"wpforms-3871-field_6\">ENVIO DO OF\u00cdCIO DE INDICA\u00c7\u00c3O <span class=\"wpforms-required-label\">*<\/span><\/label><div class=\"wpforms-uploader\"\n\tdata-field-id=\"6\"\n\tdata-form-id=\"3871\"\n\tdata-input-name=\"wpforms_3871_6\"\n\tdata-extensions=\"pdf\"\n\tdata-max-size=\"10485760\"\n\tdata-max-file-number=\"2\"\n\tdata-post-max-size=\"3221225472\"\n    data-max-parallel-uploads=\"4\"\n    data-parallel-uploads=\"true\"\n\tdata-file-chunk-size=\"2097152\">\n\t<div class=\"dz-message\">\n\t\t<svg viewBox=\"0 0 1024 1024\" focusable=\"false\" class=\"\" data-icon=\"inbox\" width=\"50px\" height=\"50px\" fill=\"#B1B1B1\" aria-hidden=\"true\"><path d=\"M885.2 446.3l-.2-.8-112.2-285.1c-5-16.1-19.9-27.2-36.8-27.2H281.2c-17 0-32.1 11.3-36.9 27.6L139.4 443l-.3.7-.2.8c-1.3 4.9-1.7 9.9-1 14.8-.1 1.6-.2 3.2-.2 4.8V830a60.9 60.9 0 0 0 60.8 60.8h627.2c33.5 0 60.8-27.3 60.9-60.8V464.1c0-1.3 0-2.6-.1-3.7.4-4.9 0-9.6-1.3-14.1zm-295.8-43l-.3 15.7c-.8 44.9-31.8 75.1-77.1 75.1-22.1 0-41.1-7.1-54.8-20.6S436 441.2 435.6 419l-.3-15.7H229.5L309 210h399.2l81.7 193.3H589.4zm-375 76.8h157.3c24.3 57.1 76 90.8 140.4 90.8 33.7 0 65-9.4 90.3-27.2 22.2-15.6 39.5-37.4 50.7-63.6h156.5V814H214.4V480.1z\"><\/path><\/svg>\n\t\t<span class=\"modern-title\">\n\t\t\tClique ou arraste os arquivos para esta \u00e1rea para fazer upload.\t\t<\/span>\n\n\t\t\t\t\t<span class=\"modern-hint\">\n\t\t\t\tVoc\u00ea pode enviar at\u00e9 2 arquivos.\t\t\t<\/span>\n\t\t\t<\/div>\n<\/div>\n<input type=\"text\" class=\"dropzone-input\"\n\tstyle=\"position:absolute!important;clip:rect(0,0,0,0)!important;height:1px!important;width:1px!important;border:0!important;overflow:hidden!important;padding:0!important;margin:0!important;\"\n\tid=\"wpforms-3871-field_6\"\n\tname=\"wpforms_3871_6\" required>\n<div class=\"wpforms-field-description\">Of\u00edcio deve ser em papel timbrado do munic\u00edpio e conter a assinatura do(a) Secret\u00e1rio(a) Municipal de Educa\u00e7\u00e3o. FORMATO: PDF \/ Tamanho m\u00e1ximo: 10 MB<\/div><\/div><\/div><div class=\"wpforms-submit-container\" ><input type=\"hidden\" name=\"wpforms[id]\" value=\"3871\"><input type=\"hidden\" name=\"wpforms[author]\" value=\"2\"><button type=\"submit\" name=\"wpforms[submit]\" class=\"wpforms-submit \" id=\"wpforms-submit-3871\" value=\"wpforms-submit\" aria-live=\"assertive\" data-alt-text=\"Enviando...\" data-submit-text=\"Enviar\">Enviar<\/button><\/div><\/form><\/div>  <!-- .wpforms-container -->\t\t\t\t\t\t\t\t<\/div>\n\t\t\t\t<\/div>\n\t\t\t\t\t<\/div>\n\t\t<\/div>\n\t\t\t\t\t<\/div>\n\t\t<\/section>\n\t\t\t\t<section class=\"elementor-section elementor-top-section elementor-element elementor-element-f64e7df elementor-section-boxed elementor-section-height-default elementor-section-height-default\" data-id=\"f64e7df\" data-element_type=\"section\" data-e-type=\"section\">\n\t\t\t\t\t\t<div class=\"elementor-container elementor-column-gap-default\">\n\t\t\t\t\t<div class=\"elementor-column elementor-col-100 elementor-top-column elementor-element elementor-element-d172e13\" data-id=\"d172e13\" data-element_type=\"column\" data-e-type=\"column\">\n\t\t\t<div class=\"elementor-widget-wrap elementor-element-populated\">\n\t\t\t\t\t\t<section class=\"elementor-section elementor-inner-section elementor-element elementor-element-e3c6cb8 elementor-section-boxed elementor-section-height-default elementor-section-height-default\" data-id=\"e3c6cb8\" data-element_type=\"section\" data-e-type=\"section\">\n\t\t\t\t\t\t<div class=\"elementor-container elementor-column-gap-default\">\n\t\t\t\t\t<div class=\"elementor-column elementor-col-50 elementor-inner-column elementor-element elementor-element-f35d4f8\" data-id=\"f35d4f8\" data-element_type=\"column\" data-e-type=\"column\">\n\t\t\t<div class=\"elementor-widget-wrap elementor-element-populated\">\n\t\t\t\t\t\t<div class=\"elementor-element elementor-element-3985f8d elementor-widget elementor-widget-image\" data-id=\"3985f8d\" data-element_type=\"widget\" data-e-type=\"widget\" data-widget_type=\"image.default\">\n\t\t\t\t<div class=\"elementor-widget-container\">\n\t\t\t\t\t\t\t\t\t\t\t\t\t\t\t<img decoding=\"async\" width=\"452\" height=\"110\" src=\"https:\/\/selecoes.epistemeonline.com\/wp-content\/uploads\/2023\/02\/FALCAO-ASSOCIADOS.jpg\" class=\"attachment-large size-large wp-image-3877\" alt=\"\" srcset=\"https:\/\/selecoes.epistemeonline.com\/wp-content\/uploads\/2023\/02\/FALCAO-ASSOCIADOS.jpg 452w, https:\/\/selecoes.epistemeonline.com\/wp-content\/uploads\/2023\/02\/FALCAO-ASSOCIADOS-300x73.jpg 300w\" sizes=\"100vw\" \/>\t\t\t\t\t\t\t\t\t\t\t\t\t\t\t<\/div>\n\t\t\t\t<\/div>\n\t\t\t\t\t<\/div>\n\t\t<\/div>\n\t\t\t\t<div class=\"elementor-column elementor-col-50 elementor-inner-column elementor-element elementor-element-e80583f\" data-id=\"e80583f\" data-element_type=\"column\" data-e-type=\"column\">\n\t\t\t<div class=\"elementor-widget-wrap elementor-element-populated\">\n\t\t\t\t\t\t<div class=\"elementor-element elementor-element-0c115fd elementor-widget elementor-widget-image\" data-id=\"0c115fd\" data-element_type=\"widget\" data-e-type=\"widget\" data-widget_type=\"image.default\">\n\t\t\t\t<div class=\"elementor-widget-container\">\n\t\t\t\t\t\t\t\t\t\t\t\t\t\t\t<img fetchpriority=\"high\" decoding=\"async\" width=\"525\" height=\"147\" src=\"https:\/\/selecoes.epistemeonline.com\/wp-content\/uploads\/2023\/01\/Episteme-sem-consultoria-1024x286.jpg\" class=\"attachment-large size-large wp-image-3811\" alt=\"\" srcset=\"https:\/\/selecoes.epistemeonline.com\/wp-content\/uploads\/2023\/01\/Episteme-sem-consultoria-1024x286.jpg 1024w, https:\/\/selecoes.epistemeonline.com\/wp-content\/uploads\/2023\/01\/Episteme-sem-consultoria-300x84.jpg 300w, https:\/\/selecoes.epistemeonline.com\/wp-content\/uploads\/2023\/01\/Episteme-sem-consultoria-768x215.jpg 768w, https:\/\/selecoes.epistemeonline.com\/wp-content\/uploads\/2023\/01\/Episteme-sem-consultoria-1536x429.jpg 1536w, https:\/\/selecoes.epistemeonline.com\/wp-content\/uploads\/2023\/01\/Episteme-sem-consultoria-2048x572.jpg 2048w\" sizes=\"100vw\" \/>\t\t\t\t\t\t\t\t\t\t\t\t\t\t\t<\/div>\n\t\t\t\t<\/div>\n\t\t\t\t\t<\/div>\n\t\t<\/div>\n\t\t\t\t\t<\/div>\n\t\t<\/section>\n\t\t\t\t<div class=\"elementor-element elementor-element-47fc3f7 elementor-widget elementor-widget-heading\" data-id=\"47fc3f7\" data-element_type=\"widget\" data-e-type=\"widget\" data-widget_type=\"heading.default\">\n\t\t\t\t<div class=\"elementor-widget-container\">\n\t\t\t\t\t<h2 class=\"elementor-heading-title elementor-size-default\">FORMUL\u00c1RIO DE INSCRI\u00c7\u00c3O NO CURSO DE FINANCIAMENTO DA EDUCA\u00c7\u00c3O E FUNDAMENTA\u00c7\u00c3O DE PROCESSOS ASMINISTRATIVO<\/h2>\t\t\t\t<\/div>\n\t\t\t\t<\/div>\n\t\t\t\t<div class=\"elementor-element elementor-element-26141c2 elementor-widget elementor-widget-heading\" data-id=\"26141c2\" data-element_type=\"widget\" data-e-type=\"widget\" data-widget_type=\"heading.default\">\n\t\t\t\t<div class=\"elementor-widget-container\">\n\t\t\t\t\t<h2 class=\"elementor-heading-title elementor-size-default\">INSCRI\u00c7\u00d5ES:<br><br>de 13 a 17 de fevereiro de 2023<\/h2>\t\t\t\t<\/div>\n\t\t\t\t<\/div>\n\t\t\t\t\t<\/div>\n\t\t<\/div>\n\t\t\t\t\t<\/div>\n\t\t<\/section>\n\t\t\t\t<section class=\"elementor-section elementor-top-section elementor-element elementor-element-08c80a0 elementor-section-boxed elementor-section-height-default elementor-section-height-default\" data-id=\"08c80a0\" data-element_type=\"section\" data-e-type=\"section\">\n\t\t\t\t\t\t<div class=\"elementor-container elementor-column-gap-default\">\n\t\t\t\t\t<div class=\"elementor-column elementor-col-100 elementor-top-column elementor-element elementor-element-a250225\" data-id=\"a250225\" data-element_type=\"column\" data-e-type=\"column\">\n\t\t\t<div class=\"elementor-widget-wrap elementor-element-populated\">\n\t\t\t\t\t\t<div class=\"elementor-element elementor-element-26c1031 elementor-widget elementor-widget-wpforms\" data-id=\"26c1031\" data-element_type=\"widget\" data-e-type=\"widget\" data-widget_type=\"wpforms.default\">\n\t\t\t\t<div class=\"elementor-widget-container\">\n\t\t\t\t\t<div class=\"wpforms-container wpforms-container-full\" id=\"wpforms-3871\"><form id=\"wpforms-form-3871\" class=\"wpforms-validate wpforms-form\" data-formid=\"3871\" method=\"post\" enctype=\"multipart\/form-data\" action=\"\/index.php\/wp-json\/wp\/v2\/pages\/3875?wpforms_form_id=3871\" data-token=\"926f57a4d572acef5996da571db03df5\"><noscript class=\"wpforms-error-noscript\">Ative o JavaScript no seu navegador para preencher este formul\u00e1rio.<\/noscript><div class=\"wpforms-field-container\"><div id=\"wpforms-3871-field_3-container\" class=\"wpforms-field wpforms-field-select wpforms-field-select-style-classic\" data-field-id=\"3\"><label class=\"wpforms-field-label\" for=\"wpforms-3871-field_3\">MUNIC\u00cdPIO<\/label><select id=\"wpforms-3871-field_3\" class=\"wpforms-field-medium\" name=\"wpforms[fields][3]\"><option value=\"BELO MONTE\" >BELO MONTE<\/option><option value=\"BOCA DA MATA\" >BOCA DA MATA<\/option><option value=\"CAMPO ALEGRE\" >CAMPO ALEGRE<\/option><option value=\"CAMPO GRANDE\" >CAMPO GRANDE<\/option><option value=\"CARNEIROS\" >CARNEIROS<\/option><option value=\"COLONIA DE LEOPOLDINA\" >COLONIA DE LEOPOLDINA<\/option><option value=\"GIRAU DO PONCIANO\" >GIRAU DO PONCIANO<\/option><option value=\"IBATEGUARA\" >IBATEGUARA<\/option><option value=\"MARAVILHA\" >MARAVILHA<\/option><option value=\"MURICI\" >MURICI<\/option><option value=\"OLHO D&#039;\u00c1GUA GRANDE\" >OLHO D&#039;\u00c1GUA GRANDE<\/option><option value=\"PARIPUEIRA\" >PARIPUEIRA<\/option><option value=\"S\u00c3O BR\u00c1S\" >S\u00c3O BR\u00c1S<\/option><option value=\"S\u00c3O SEBASTI\u00c3O\" >S\u00c3O SEBASTI\u00c3O<\/option><option value=\"SENADOR RUI PALMEIRA\" >SENADOR RUI PALMEIRA<\/option><\/select><\/div><div id=\"wpforms-3871-field_1-container\" class=\"wpforms-field wpforms-field-text\" data-field-id=\"1\"><label class=\"wpforms-field-label\" for=\"wpforms-3871-field_1\">NOME COMPLETO <span class=\"wpforms-required-label\">*<\/span><\/label><input type=\"text\" id=\"wpforms-3871-field_1\" class=\"wpforms-field-medium wpforms-field-required\" name=\"wpforms[fields][1]\" required><\/div><div id=\"wpforms-3871-field_2-container\" class=\"wpforms-field wpforms-field-text\" data-field-id=\"2\"><label class=\"wpforms-field-label\" for=\"wpforms-3871-field_2\">N\u00daMERO DO CPF <span class=\"wpforms-required-label\">*<\/span><\/label><input type=\"text\" id=\"wpforms-3871-field_2\" class=\"wpforms-field-medium wpforms-field-required\" name=\"wpforms[fields][2]\" required><div class=\"wpforms-field-description\">Apenas n\u00fameros<\/div><\/div><div id=\"wpforms-3871-field_4-container\" class=\"wpforms-field wpforms-field-email\" data-field-id=\"4\"><label class=\"wpforms-field-label\" for=\"wpforms-3871-field_4\">E-mail <span class=\"wpforms-required-label\">*<\/span><\/label><input type=\"email\" id=\"wpforms-3871-field_4\" class=\"wpforms-field-medium wpforms-field-required\" name=\"wpforms[fields][4]\" required><\/div><div id=\"wpforms-3871-field_5-container\" class=\"wpforms-field wpforms-field-phone\" data-field-id=\"5\"><label class=\"wpforms-field-label\" for=\"wpforms-3871-field_5\">Telefone <span class=\"wpforms-required-label\">*<\/span><\/label><input type=\"tel\" id=\"wpforms-3871-field_5\" class=\"wpforms-field-medium wpforms-field-required wpforms-smart-phone-field\" data-rule-smart-phone-field=\"true\" name=\"wpforms[fields][5]\" required><div class=\"wpforms-field-description\">Preferencialmente n\u00famero do WhatsApp<\/div><\/div><div id=\"wpforms-3871-field_6-container\" class=\"wpforms-field wpforms-field-file-upload\" data-field-id=\"6\"><label class=\"wpforms-field-label\" for=\"wpforms-3871-field_6\">ENVIO DO OF\u00cdCIO DE INDICA\u00c7\u00c3O <span class=\"wpforms-required-label\">*<\/span><\/label><div class=\"wpforms-uploader\"\n\tdata-field-id=\"6\"\n\tdata-form-id=\"3871\"\n\tdata-input-name=\"wpforms_3871_6\"\n\tdata-extensions=\"pdf\"\n\tdata-max-size=\"10485760\"\n\tdata-max-file-number=\"2\"\n\tdata-post-max-size=\"3221225472\"\n    data-max-parallel-uploads=\"4\"\n    data-parallel-uploads=\"true\"\n\tdata-file-chunk-size=\"2097152\">\n\t<div class=\"dz-message\">\n\t\t<svg viewBox=\"0 0 1024 1024\" focusable=\"false\" class=\"\" data-icon=\"inbox\" width=\"50px\" height=\"50px\" fill=\"#B1B1B1\" aria-hidden=\"true\"><path d=\"M885.2 446.3l-.2-.8-112.2-285.1c-5-16.1-19.9-27.2-36.8-27.2H281.2c-17 0-32.1 11.3-36.9 27.6L139.4 443l-.3.7-.2.8c-1.3 4.9-1.7 9.9-1 14.8-.1 1.6-.2 3.2-.2 4.8V830a60.9 60.9 0 0 0 60.8 60.8h627.2c33.5 0 60.8-27.3 60.9-60.8V464.1c0-1.3 0-2.6-.1-3.7.4-4.9 0-9.6-1.3-14.1zm-295.8-43l-.3 15.7c-.8 44.9-31.8 75.1-77.1 75.1-22.1 0-41.1-7.1-54.8-20.6S436 441.2 435.6 419l-.3-15.7H229.5L309 210h399.2l81.7 193.3H589.4zm-375 76.8h157.3c24.3 57.1 76 90.8 140.4 90.8 33.7 0 65-9.4 90.3-27.2 22.2-15.6 39.5-37.4 50.7-63.6h156.5V814H214.4V480.1z\"><\/path><\/svg>\n\t\t<span class=\"modern-title\">\n\t\t\tClique ou arraste os arquivos para esta \u00e1rea para fazer upload.\t\t<\/span>\n\n\t\t\t\t\t<span class=\"modern-hint\">\n\t\t\t\tVoc\u00ea pode enviar at\u00e9 2 arquivos.\t\t\t<\/span>\n\t\t\t<\/div>\n<\/div>\n<input type=\"text\" class=\"dropzone-input\"\n\tstyle=\"position:absolute!important;clip:rect(0,0,0,0)!important;height:1px!important;width:1px!important;border:0!important;overflow:hidden!important;padding:0!important;margin:0!important;\"\n\tid=\"wpforms-3871-field_6\"\n\tname=\"wpforms_3871_6\" required>\n<div class=\"wpforms-field-description\">Of\u00edcio deve ser em papel timbrado do munic\u00edpio e conter a assinatura do(a) Secret\u00e1rio(a) Municipal de Educa\u00e7\u00e3o. FORMATO: PDF \/ Tamanho m\u00e1ximo: 10 MB<\/div><\/div><\/div><div class=\"wpforms-submit-container\" ><input type=\"hidden\" name=\"wpforms[id]\" value=\"3871\"><input type=\"hidden\" name=\"wpforms[author]\" value=\"2\"><button type=\"submit\" name=\"wpforms[submit]\" class=\"wpforms-submit \" id=\"wpforms-submit-3871\" value=\"wpforms-submit\" aria-live=\"assertive\" data-alt-text=\"Enviando...\" data-submit-text=\"Enviar\">Enviar<\/button><\/div><\/form><\/div>  <!-- .wpforms-container -->\t\t\t\t<\/div>\n\t\t\t\t<\/div>\n\t\t\t\t\t<\/div>\n\t\t<\/div>\n\t\t\t\t\t<\/div>\n\t\t<\/section>\n\t\t\t\t<\/div>\n\t\t","protected":false},"excerpt":{"rendered":"<p>FORMUL\u00c1RIO DE INSCRI\u00c7\u00c3O NO CURSO DE FINANCIAMENTO DA EDUCA\u00c7\u00c3O E FUNDAMENTA\u00c7\u00c3O DE PROCESSOS ASMINISTRATIVO INSCRI\u00c7\u00d5ES: de 13 a 17 de fevereiro de 2023<\/p>\n","protected":false},"author":2,"featured_media":0,"parent":0,"menu_order":0,"comment_status":"closed","ping_status":"closed","template":"","meta":{"footnotes":""},"class_list":["post-3875","page","type-page","status-publish","hentry"],"_links":{"self":[{"href":"https:\/\/selecoes.epistemeonline.com\/index.php\/wp-json\/wp\/v2\/pages\/3875","targetHints":{"allow":["GET"]}}],"collection":[{"href":"https:\/\/selecoes.epistemeonline.com\/index.php\/wp-json\/wp\/v2\/pages"}],"about":[{"href":"https:\/\/selecoes.epistemeonline.com\/index.php\/wp-json\/wp\/v2\/types\/page"}],"author":[{"embeddable":true,"href":"https:\/\/selecoes.epistemeonline.com\/index.php\/wp-json\/wp\/v2\/users\/2"}],"replies":[{"embeddable":true,"href":"https:\/\/selecoes.epistemeonline.com\/index.php\/wp-json\/wp\/v2\/comments?post=3875"}],"version-history":[{"count":14,"href":"https:\/\/selecoes.epistemeonline.com\/index.php\/wp-json\/wp\/v2\/pages\/3875\/revisions"}],"predecessor-version":[{"id":3894,"href":"https:\/\/selecoes.epistemeonline.com\/index.php\/wp-json\/wp\/v2\/pages\/3875\/revisions\/3894"}],"wp:attachment":[{"href":"https:\/\/selecoes.epistemeonline.com\/index.php\/wp-json\/wp\/v2\/media?parent=3875"}],"curies":[{"name":"wp","href":"https:\/\/api.w.org\/{rel}","templated":true}]}}