{"id":5112,"date":"2024-07-19T13:16:27","date_gmt":"2024-07-19T16:16:27","guid":{"rendered":"https:\/\/selecoes.epistemeonline.com\/?page_id=5112"},"modified":"2024-07-19T13:23:39","modified_gmt":"2024-07-19T16:23:39","slug":"oficina-pdde-srp","status":"publish","type":"page","link":"https:\/\/selecoes.epistemeonline.com\/index.php\/oficina-pdde-srp\/","title":{"rendered":"OFICINA PDDE SRP"},"content":{"rendered":"\t\t<div data-elementor-type=\"wp-page\" data-elementor-id=\"5112\" class=\"elementor elementor-5112\">\n\t\t\t\t\t\t<section class=\"elementor-section elementor-top-section elementor-element elementor-element-43300a5c elementor-section-boxed elementor-section-height-default elementor-section-height-default\" data-id=\"43300a5c\" data-element_type=\"section\" data-e-type=\"section\">\n\t\t\t\t\t\t<div class=\"elementor-container elementor-column-gap-default\">\n\t\t\t\t\t<div class=\"elementor-column elementor-col-100 elementor-top-column elementor-element elementor-element-5ba82dd4\" data-id=\"5ba82dd4\" data-element_type=\"column\" data-e-type=\"column\">\n\t\t\t<div class=\"elementor-widget-wrap elementor-element-populated\">\n\t\t\t\t\t\t<div class=\"elementor-element elementor-element-608b3b21 elementor-widget elementor-widget-text-editor\" data-id=\"608b3b21\" data-element_type=\"widget\" data-e-type=\"widget\" data-widget_type=\"text-editor.default\">\n\t\t\t\t<div class=\"elementor-widget-container\">\n\t\t\t\t\t\t\t\t\t<div class=\"wpforms-container wpforms-container-full\" id=\"wpforms-5111\"><form id=\"wpforms-form-5111\" class=\"wpforms-validate wpforms-form\" data-formid=\"5111\" method=\"post\" enctype=\"multipart\/form-data\" action=\"\/index.php\/wp-json\/wp\/v2\/pages\/5112\" data-token=\"926f57a4d572acef5996da571db03df5\"><noscript class=\"wpforms-error-noscript\">Ative o JavaScript no seu navegador para preencher este formul\u00e1rio.<\/noscript><div class=\"wpforms-field-container\"><div id=\"wpforms-5111-field_1-container\" class=\"wpforms-field wpforms-field-select wpforms-field-select-style-classic\" data-field-id=\"1\"><label class=\"wpforms-field-label\" for=\"wpforms-5111-field_1\">SELECIONE A ESCOLA <span class=\"wpforms-required-label\">*<\/span><\/label><select id=\"wpforms-5111-field_1\" class=\"wpforms-field-medium wpforms-field-required\" name=\"wpforms[fields][1]\" required=\"required\"><option value=\"CENTRO EDUCACIONAL INFANTIL PROFESSORA VILMA VIEIRA DE MELO\t\" >CENTRO EDUCACIONAL INFANTIL PROFESSORA VILMA VIEIRA DE MELO\t<\/option><option value=\"CENTRO MUNICIPAL DE EDUCACAO INFANTIL NOSSA SENHORA DA CONCEICAO\t\" >CENTRO MUNICIPAL DE EDUCACAO INFANTIL NOSSA SENHORA DA CONCEICAO\t<\/option><option value=\"CENTRO MUNICIPAL DE ENSINO INFANTIL PROFESSORA LEONORA DA CONCEICAO\t\" >CENTRO MUNICIPAL DE ENSINO INFANTIL PROFESSORA LEONORA DA CONCEICAO\t<\/option><option value=\"ESCOLA MUNICIPAL DE EDUCACAO BASICA AMAURILIO FERREIRA LIMA\t\" >ESCOLA MUNICIPAL DE EDUCACAO BASICA AMAURILIO FERREIRA LIMA\t<\/option><option value=\"ESCOLA MUNICIPAL DE EDUCACAO BASICA EMIDIO JANUARIO DE MELO\t\" >ESCOLA MUNICIPAL DE EDUCACAO BASICA EMIDIO JANUARIO DE MELO\t<\/option><option value=\"ESCOLA MUNICIPAL DE EDUCACAO BASICA ENIO RICARDO GOMES\t(27223744)\" >ESCOLA MUNICIPAL DE EDUCACAO BASICA ENIO RICARDO GOMES\t(27223744)<\/option><option value=\"ESCOLA MUNICIPAL DE EDUCACAO BASICA ENIO RICARDO GOMES\t(27349012)\" >ESCOLA MUNICIPAL DE EDUCACAO BASICA ENIO RICARDO GOMES\t(27349012)<\/option><option value=\"ESCOLA MUNICIPAL DE EDUCACAO BASICA JOAO DA SILVA MAIA\t\" >ESCOLA MUNICIPAL DE EDUCACAO BASICA JOAO DA SILVA MAIA\t<\/option><option value=\"ESCOLA MUNICIPAL DE EDUCACAO BASICA JOSE FERREIRA LIMA\t\" >ESCOLA MUNICIPAL DE EDUCACAO BASICA JOSE FERREIRA LIMA\t<\/option><option value=\"ESCOLA MUNICIPAL DE EDUCACAO BASICA MARIA DE JESUS VIEIRA DE CARVALHO\t\" >ESCOLA MUNICIPAL DE EDUCACAO BASICA MARIA DE JESUS VIEIRA DE CARVALHO\t<\/option><option value=\"ESCOLA MUNICIPAL DE EDUCACAO BASICA MARTINS FERREIRA LIMA\t\" >ESCOLA MUNICIPAL DE EDUCACAO BASICA MARTINS FERREIRA LIMA\t<\/option><option value=\"ESCOLA MUNICIPAL DE EDUCACAO BASICA NOSSA SENHORA DO LIVRAMENTO\t\" >ESCOLA MUNICIPAL DE EDUCACAO BASICA NOSSA SENHORA DO LIVRAMENTO\t<\/option><option value=\"ESCOLA MUNICIPAL DE EDUCACAO BASICA PRESIDENTE DUTRA\t\" >ESCOLA MUNICIPAL DE EDUCACAO BASICA PRESIDENTE DUTRA\t<\/option><option value=\"ESCOLA MUNICIPAL DE EDUCACAO BASICA VEREADOR FERNANDO NEPOMUCENO\t\" >ESCOLA MUNICIPAL DE EDUCACAO BASICA VEREADOR FERNANDO NEPOMUCENO\t<\/option><option value=\"ESCOLA MUNICIPAL DE ENSINO FUNDAMENTAL SAGRADO CORACAO DE JESUS\t\" >ESCOLA MUNICIPAL DE ENSINO FUNDAMENTAL SAGRADO CORACAO DE JESUS\t<\/option><\/select><\/div><div id=\"wpforms-5111-field_2-container\" class=\"wpforms-field wpforms-field-select wpforms-field-select-style-classic\" data-field-id=\"2\"><label class=\"wpforms-field-label\" for=\"wpforms-5111-field_2\">SELECIONE O SEU PERFIL <span class=\"wpforms-required-label\">*<\/span><\/label><select id=\"wpforms-5111-field_2\" class=\"wpforms-field-medium wpforms-field-required\" name=\"wpforms[fields][2]\" required=\"required\"><option value=\"GESTOR ESCOLAR\" >GESTOR ESCOLAR<\/option><option value=\"GESTOR ESCOLAR ADJUNTO\" >GESTOR ESCOLAR ADJUNTO<\/option><option value=\"COORDENADOR PEDAG\u00d3GICO\" >COORDENADOR PEDAG\u00d3GICO<\/option><option value=\"PRESIDENTE DA UNIDADE EXECUTORA\" >PRESIDENTE DA UNIDADE EXECUTORA<\/option><option value=\"TESOUREIRO DA UNIDADE EXECUTORA\" >TESOUREIRO DA UNIDADE EXECUTORA<\/option><option value=\"T\u00e9cnico SEMED\" >T\u00e9cnico SEMED<\/option><\/select><\/div><div id=\"wpforms-5111-field_3-container\" class=\"wpforms-field wpforms-field-text\" data-field-id=\"3\"><label class=\"wpforms-field-label\" for=\"wpforms-5111-field_3\">SEU NOME COMPLETO <span class=\"wpforms-required-label\">*<\/span><\/label><input type=\"text\" id=\"wpforms-5111-field_3\" class=\"wpforms-field-medium wpforms-field-required\" name=\"wpforms[fields][3]\" required><div class=\"wpforms-field-description\">Sem abrevia\u00e7\u00f5es<\/div><\/div><div id=\"wpforms-5111-field_4-container\" class=\"wpforms-field wpforms-field-text\" data-field-id=\"4\"><label class=\"wpforms-field-label\" for=\"wpforms-5111-field_4\">Informe seu CPF <span class=\"wpforms-required-label\">*<\/span><\/label><input type=\"text\" id=\"wpforms-5111-field_4\" class=\"wpforms-field-medium wpforms-field-required\" name=\"wpforms[fields][4]\" required><div class=\"wpforms-field-description\">Apenas n\u00famero<\/div><\/div><div id=\"wpforms-5111-field_5-container\" class=\"wpforms-field wpforms-field-email\" data-field-id=\"5\"><label class=\"wpforms-field-label\" for=\"wpforms-5111-field_5\">E-mail Pessoal <span class=\"wpforms-required-label\">*<\/span><\/label><div class=\"wpforms-field-row wpforms-field-medium\"><div class=\"wpforms-field-row-block wpforms-one-half wpforms-first\"><input type=\"email\" id=\"wpforms-5111-field_5\" class=\"wpforms-field-required wpforms-field-email-primary\" name=\"wpforms[fields][5][primary]\" required><label for=\"wpforms-5111-field_5\" class=\"wpforms-field-sublabel after \">E-mail<\/label><\/div><div class=\"wpforms-field-row-block wpforms-one-half\"><input type=\"email\" id=\"wpforms-5111-field_5-secondary\" class=\"wpforms-field-email-secondary wpforms-field-required\" data-rule-confirm=\"#wpforms-5111-field_5\" name=\"wpforms[fields][5][secondary]\" required><label for=\"wpforms-5111-field_5-secondary\" class=\"wpforms-field-sublabel after \">Confirmar e-mail<\/label><\/div><\/div><\/div><div id=\"wpforms-5111-field_6-container\" class=\"wpforms-field wpforms-field-text\" data-field-id=\"6\"><label class=\"wpforms-field-label\" for=\"wpforms-5111-field_6\">Informe seu n\u00famero de Celular Pessoal <span class=\"wpforms-required-label\">*<\/span><\/label><input type=\"text\" id=\"wpforms-5111-field_6\" class=\"wpforms-field-medium wpforms-field-required\" name=\"wpforms[fields][6]\" required><div class=\"wpforms-field-description\">informar o DDD<\/div><\/div><\/div><div class=\"wpforms-submit-container\" ><input type=\"hidden\" name=\"wpforms[id]\" value=\"5111\"><input type=\"hidden\" name=\"wpforms[author]\" value=\"2\"><button type=\"submit\" name=\"wpforms[submit]\" class=\"wpforms-submit \" id=\"wpforms-submit-5111\" value=\"wpforms-submit\" aria-live=\"assertive\" data-alt-text=\"Enviando\u2026\" data-submit-text=\"Enviar\">Enviar<\/button><\/div><\/form><\/div>  <!-- .wpforms-container -->\t\t\t\t\t\t\t\t<\/div>\n\t\t\t\t<\/div>\n\t\t\t\t\t<\/div>\n\t\t<\/div>\n\t\t\t\t\t<\/div>\n\t\t<\/section>\n\t\t\t\t<section class=\"elementor-section elementor-top-section elementor-element elementor-element-acb6030 elementor-section-boxed elementor-section-height-default elementor-section-height-default\" data-id=\"acb6030\" data-element_type=\"section\" data-e-type=\"section\">\n\t\t\t\t\t\t<div class=\"elementor-container elementor-column-gap-default\">\n\t\t\t\t\t<div class=\"elementor-column elementor-col-100 elementor-top-column elementor-element elementor-element-67ae5b7\" data-id=\"67ae5b7\" data-element_type=\"column\" data-e-type=\"column\">\n\t\t\t<div class=\"elementor-widget-wrap elementor-element-populated\">\n\t\t\t\t\t\t<div class=\"elementor-element elementor-element-2244fb5 elementor-widget elementor-widget-image\" data-id=\"2244fb5\" data-element_type=\"widget\" data-e-type=\"widget\" data-widget_type=\"image.default\">\n\t\t\t\t<div class=\"elementor-widget-container\">\n\t\t\t\t\t\t\t\t\t\t\t\t\t\t\t<img fetchpriority=\"high\" decoding=\"async\" width=\"525\" height=\"525\" src=\"https:\/\/selecoes.epistemeonline.com\/wp-content\/uploads\/2024\/07\/OFICINA-PDDE-SRP-1024x1024.jpg\" class=\"attachment-large size-large wp-image-5114\" alt=\"\" srcset=\"https:\/\/selecoes.epistemeonline.com\/wp-content\/uploads\/2024\/07\/OFICINA-PDDE-SRP-1024x1024.jpg 1024w, https:\/\/selecoes.epistemeonline.com\/wp-content\/uploads\/2024\/07\/OFICINA-PDDE-SRP-300x300.jpg 300w, https:\/\/selecoes.epistemeonline.com\/wp-content\/uploads\/2024\/07\/OFICINA-PDDE-SRP-150x150.jpg 150w, https:\/\/selecoes.epistemeonline.com\/wp-content\/uploads\/2024\/07\/OFICINA-PDDE-SRP-768x768.jpg 768w, https:\/\/selecoes.epistemeonline.com\/wp-content\/uploads\/2024\/07\/OFICINA-PDDE-SRP-100x100.jpg 100w, https:\/\/selecoes.epistemeonline.com\/wp-content\/uploads\/2024\/07\/OFICINA-PDDE-SRP.jpg 1080w\" sizes=\"100vw\" \/>\t\t\t\t\t\t\t\t\t\t\t\t\t\t\t<\/div>\n\t\t\t\t<\/div>\n\t\t\t\t\t<\/div>\n\t\t<\/div>\n\t\t\t\t\t<\/div>\n\t\t<\/section>\n\t\t\t\t<section class=\"elementor-section elementor-top-section elementor-element elementor-element-970866b elementor-section-boxed elementor-section-height-default elementor-section-height-default\" data-id=\"970866b\" data-element_type=\"section\" data-e-type=\"section\">\n\t\t\t\t\t\t<div class=\"elementor-container elementor-column-gap-default\">\n\t\t\t\t\t<div class=\"elementor-column elementor-col-100 elementor-top-column elementor-element elementor-element-d67fd28\" data-id=\"d67fd28\" data-element_type=\"column\" data-e-type=\"column\">\n\t\t\t<div class=\"elementor-widget-wrap elementor-element-populated\">\n\t\t\t\t\t\t<div class=\"elementor-element elementor-element-81ca4b8 elementor-widget elementor-widget-heading\" data-id=\"81ca4b8\" data-element_type=\"widget\" data-e-type=\"widget\" data-widget_type=\"heading.default\">\n\t\t\t\t<div class=\"elementor-widget-container\">\n\t\t\t\t\t<h2 class=\"elementor-heading-title elementor-size-default\">FORMUL\u00c1RIO DE INSCRI\u00c7\u00c3O<\/h2>\t\t\t\t<\/div>\n\t\t\t\t<\/div>\n\t\t\t\t<div class=\"elementor-element elementor-element-3e7b685 elementor-align-center elementor-widget elementor-widget-button\" data-id=\"3e7b685\" data-element_type=\"widget\" data-e-type=\"widget\" data-widget_type=\"button.default\">\n\t\t\t\t<div class=\"elementor-widget-container\">\n\t\t\t\t\t\t\t\t\t<div class=\"elementor-button-wrapper\">\n\t\t\t\t\t<a class=\"elementor-button elementor-button-link elementor-size-xl\" href=\"https:\/\/selecoes.epistemeonline.com\/index.php\/formulario-oficina-pdde-srp\/\">\n\t\t\t\t\t\t<span class=\"elementor-button-content-wrapper\">\n\t\t\t\t\t\t\t\t\t<span class=\"elementor-button-text\">CLIQUE AQUI!!!<\/span>\n\t\t\t\t\t<\/span>\n\t\t\t\t\t<\/a>\n\t\t\t\t<\/div>\n\t\t\t\t\t\t\t\t<\/div>\n\t\t\t\t<\/div>\n\t\t\t\t\t<\/div>\n\t\t<\/div>\n\t\t\t\t\t<\/div>\n\t\t<\/section>\n\t\t\t\t<\/div>\n\t\t","protected":false},"excerpt":{"rendered":"<p>FORMUL\u00c1RIO DE INSCRI\u00c7\u00c3O CLIQUE AQUI!!!<\/p>\n","protected":false},"author":2,"featured_media":0,"parent":0,"menu_order":0,"comment_status":"closed","ping_status":"closed","template":"","meta":{"footnotes":""},"class_list":["post-5112","page","type-page","status-publish","hentry"],"_links":{"self":[{"href":"https:\/\/selecoes.epistemeonline.com\/index.php\/wp-json\/wp\/v2\/pages\/5112","targetHints":{"allow":["GET"]}}],"collection":[{"href":"https:\/\/selecoes.epistemeonline.com\/index.php\/wp-json\/wp\/v2\/pages"}],"about":[{"href":"https:\/\/selecoes.epistemeonline.com\/index.php\/wp-json\/wp\/v2\/types\/page"}],"author":[{"embeddable":true,"href":"https:\/\/selecoes.epistemeonline.com\/index.php\/wp-json\/wp\/v2\/users\/2"}],"replies":[{"embeddable":true,"href":"https:\/\/selecoes.epistemeonline.com\/index.php\/wp-json\/wp\/v2\/comments?post=5112"}],"version-history":[{"count":9,"href":"https:\/\/selecoes.epistemeonline.com\/index.php\/wp-json\/wp\/v2\/pages\/5112\/revisions"}],"predecessor-version":[{"id":5124,"href":"https:\/\/selecoes.epistemeonline.com\/index.php\/wp-json\/wp\/v2\/pages\/5112\/revisions\/5124"}],"wp:attachment":[{"href":"https:\/\/selecoes.epistemeonline.com\/index.php\/wp-json\/wp\/v2\/media?parent=5112"}],"curies":[{"name":"wp","href":"https:\/\/api.w.org\/{rel}","templated":true}]}}