{"id":5147,"date":"2024-08-22T19:12:32","date_gmt":"2024-08-22T22:12:32","guid":{"rendered":"https:\/\/selecoes.epistemeonline.com\/?page_id=5147"},"modified":"2024-08-22T19:24:39","modified_gmt":"2024-08-22T22:24:39","slug":"curso-cme-maravilha","status":"publish","type":"page","link":"https:\/\/selecoes.epistemeonline.com\/index.php\/curso-cme-maravilha\/","title":{"rendered":"CURSO CME MARAVILHA"},"content":{"rendered":"\t\t<div data-elementor-type=\"wp-page\" data-elementor-id=\"5147\" class=\"elementor elementor-5147\">\n\t\t\t\t\t\t<section class=\"elementor-section elementor-top-section elementor-element elementor-element-4462ca4f elementor-section-boxed elementor-section-height-default elementor-section-height-default\" data-id=\"4462ca4f\" data-element_type=\"section\" data-e-type=\"section\">\n\t\t\t\t\t\t<div class=\"elementor-container elementor-column-gap-default\">\n\t\t\t\t\t<div class=\"elementor-column elementor-col-100 elementor-top-column elementor-element elementor-element-53c87274\" data-id=\"53c87274\" data-element_type=\"column\" data-e-type=\"column\">\n\t\t\t<div class=\"elementor-widget-wrap elementor-element-populated\">\n\t\t\t\t\t\t<div class=\"elementor-element elementor-element-44f80a3e elementor-widget elementor-widget-text-editor\" data-id=\"44f80a3e\" data-element_type=\"widget\" data-e-type=\"widget\" data-widget_type=\"text-editor.default\">\n\t\t\t\t<div class=\"elementor-widget-container\">\n\t\t\t\t\t\t\t\t\t<div class=\"wpforms-container wpforms-container-full\" id=\"wpforms-5146\"><form id=\"wpforms-form-5146\" class=\"wpforms-validate wpforms-form\" data-formid=\"5146\" method=\"post\" enctype=\"multipart\/form-data\" action=\"\/index.php\/wp-json\/wp\/v2\/pages\/5147\" data-token=\"926f57a4d572acef5996da571db03df5\"><noscript class=\"wpforms-error-noscript\">Ative o JavaScript no seu navegador para preencher este formul\u00e1rio.<\/noscript><div class=\"wpforms-field-container\"><div id=\"wpforms-5146-field_1-container\" class=\"wpforms-field wpforms-field-text\" data-field-id=\"1\"><label class=\"wpforms-field-label\" for=\"wpforms-5146-field_1\">Nome Completo <span class=\"wpforms-required-label\">*<\/span><\/label><input type=\"text\" id=\"wpforms-5146-field_1\" class=\"wpforms-field-medium wpforms-field-required\" name=\"wpforms[fields][1]\" required><\/div><div id=\"wpforms-5146-field_2-container\" class=\"wpforms-field wpforms-field-text\" data-field-id=\"2\"><label class=\"wpforms-field-label\" for=\"wpforms-5146-field_2\">CPF <span class=\"wpforms-required-label\">*<\/span><\/label><input type=\"text\" id=\"wpforms-5146-field_2\" class=\"wpforms-field-medium wpforms-field-required\" name=\"wpforms[fields][2]\" required><\/div><div id=\"wpforms-5146-field_4-container\" class=\"wpforms-field wpforms-field-text\" data-field-id=\"4\"><label class=\"wpforms-field-label\" for=\"wpforms-5146-field_4\">DATA DE NASCIMENTO <span class=\"wpforms-required-label\">*<\/span><\/label><input type=\"text\" id=\"wpforms-5146-field_4\" class=\"wpforms-field-medium wpforms-field-required\" name=\"wpforms[fields][4]\" required><\/div><div id=\"wpforms-5146-field_3-container\" class=\"wpforms-field wpforms-field-text\" data-field-id=\"3\"><label class=\"wpforms-field-label\" for=\"wpforms-5146-field_3\">N\u00daMERO DO TELEFONE <span class=\"wpforms-required-label\">*<\/span><\/label><input type=\"text\" id=\"wpforms-5146-field_3\" class=\"wpforms-field-medium wpforms-field-required\" name=\"wpforms[fields][3]\" required><\/div><div id=\"wpforms-5146-field_5-container\" class=\"wpforms-field wpforms-field-email\" data-field-id=\"5\"><label class=\"wpforms-field-label\" for=\"wpforms-5146-field_5\">E-mail <span class=\"wpforms-required-label\">*<\/span><\/label><div class=\"wpforms-field-row wpforms-field-medium\"><div class=\"wpforms-field-row-block wpforms-one-half wpforms-first\"><input type=\"email\" id=\"wpforms-5146-field_5\" class=\"wpforms-field-required wpforms-field-email-primary\" name=\"wpforms[fields][5][primary]\" required><label for=\"wpforms-5146-field_5\" class=\"wpforms-field-sublabel after \">E-mail<\/label><\/div><div class=\"wpforms-field-row-block wpforms-one-half\"><input type=\"email\" id=\"wpforms-5146-field_5-secondary\" class=\"wpforms-field-email-secondary wpforms-field-required\" data-rule-confirm=\"#wpforms-5146-field_5\" name=\"wpforms[fields][5][secondary]\" required><label for=\"wpforms-5146-field_5-secondary\" class=\"wpforms-field-sublabel after \">Confirmar e-mail<\/label><\/div><\/div><\/div><div id=\"wpforms-5146-field_7-container\" class=\"wpforms-field wpforms-field-radio\" data-field-id=\"7\"><label class=\"wpforms-field-label\" for=\"wpforms-5146-field_7\">MARQUE A CATEGORIA QUE REPRESENTA <span class=\"wpforms-required-label\">*<\/span><\/label><ul id=\"wpforms-5146-field_7\" class=\"wpforms-field-required\"><li class=\"choice-1 depth-1\"><input type=\"radio\" id=\"wpforms-5146-field_7_1\" name=\"wpforms[fields][7]\" value=\"Secretaria Municipal de Educa\u00e7\u00e3o\" required ><label class=\"wpforms-field-label-inline\" for=\"wpforms-5146-field_7_1\">Secretaria Municipal de Educa\u00e7\u00e3o<\/label><\/li><li class=\"choice-2 depth-1\"><input type=\"radio\" id=\"wpforms-5146-field_7_2\" name=\"wpforms[fields][7]\" value=\"Poder Executivo\" required ><label class=\"wpforms-field-label-inline\" for=\"wpforms-5146-field_7_2\">Poder Executivo<\/label><\/li><li class=\"choice-3 depth-1\"><input type=\"radio\" id=\"wpforms-5146-field_7_3\" name=\"wpforms[fields][7]\" value=\"Poder Legislativo\" required ><label class=\"wpforms-field-label-inline\" for=\"wpforms-5146-field_7_3\">Poder Legislativo<\/label><\/li><li class=\"choice-4 depth-1\"><input type=\"radio\" id=\"wpforms-5146-field_7_4\" name=\"wpforms[fields][7]\" value=\"Diretor de Escolas\" required ><label class=\"wpforms-field-label-inline\" for=\"wpforms-5146-field_7_4\">Diretor de Escolas<\/label><\/li><li class=\"choice-5 depth-1\"><input type=\"radio\" id=\"wpforms-5146-field_7_5\" name=\"wpforms[fields][7]\" value=\"Professores do Ensino Fundamental\" required ><label class=\"wpforms-field-label-inline\" for=\"wpforms-5146-field_7_5\">Professores do Ensino Fundamental<\/label><\/li><li class=\"choice-6 depth-1\"><input type=\"radio\" id=\"wpforms-5146-field_7_6\" name=\"wpforms[fields][7]\" value=\"Professores da Educa\u00e7\u00e3o Infantil\" required ><label class=\"wpforms-field-label-inline\" for=\"wpforms-5146-field_7_6\">Professores da Educa\u00e7\u00e3o Infantil<\/label><\/li><li class=\"choice-7 depth-1\"><input type=\"radio\" id=\"wpforms-5146-field_7_7\" name=\"wpforms[fields][7]\" value=\"Professores da EJA\" required ><label class=\"wpforms-field-label-inline\" for=\"wpforms-5146-field_7_7\">Professores da EJA<\/label><\/li><li class=\"choice-8 depth-1\"><input type=\"radio\" id=\"wpforms-5146-field_7_8\" name=\"wpforms[fields][7]\" value=\"Pais de Alunos\" required ><label class=\"wpforms-field-label-inline\" for=\"wpforms-5146-field_7_8\">Pais de Alunos<\/label><\/li><li class=\"choice-9 depth-1\"><input type=\"radio\" id=\"wpforms-5146-field_7_9\" name=\"wpforms[fields][7]\" value=\"Sociedade Civil\" required ><label class=\"wpforms-field-label-inline\" for=\"wpforms-5146-field_7_9\">Sociedade Civil<\/label><\/li><li class=\"choice-10 depth-1\"><input type=\"radio\" id=\"wpforms-5146-field_7_10\" name=\"wpforms[fields][7]\" value=\"Servidores T\u00e9cnicos Administrativo\" required ><label class=\"wpforms-field-label-inline\" for=\"wpforms-5146-field_7_10\">Servidores T\u00e9cnicos Administrativo<\/label><\/li><li class=\"choice-11 depth-1\"><input type=\"radio\" id=\"wpforms-5146-field_7_11\" name=\"wpforms[fields][7]\" value=\"Conselho Tutelar\" required ><label class=\"wpforms-field-label-inline\" for=\"wpforms-5146-field_7_11\">Conselho Tutelar<\/label><\/li><li class=\"choice-12 depth-1\"><input type=\"radio\" id=\"wpforms-5146-field_7_12\" name=\"wpforms[fields][7]\" value=\"Alunos\" required ><label class=\"wpforms-field-label-inline\" for=\"wpforms-5146-field_7_12\">Alunos<\/label><\/li><li class=\"choice-13 depth-1\"><input type=\"radio\" id=\"wpforms-5146-field_7_13\" name=\"wpforms[fields][7]\" value=\"CACS-FUNDEB\" required ><label class=\"wpforms-field-label-inline\" for=\"wpforms-5146-field_7_13\">CACS-FUNDEB<\/label><\/li><\/ul><\/div><div id=\"wpforms-5146-field_8-container\" class=\"wpforms-field wpforms-field-radio\" data-field-id=\"8\"><label class=\"wpforms-field-label\" for=\"wpforms-5146-field_8\">VOC\u00ca \u00c9... <span class=\"wpforms-required-label\">*<\/span><\/label><ul id=\"wpforms-5146-field_8\" class=\"wpforms-field-required\"><li class=\"choice-1 depth-1\"><input type=\"radio\" id=\"wpforms-5146-field_8_1\" name=\"wpforms[fields][8]\" value=\"TITULAR\" required ><label class=\"wpforms-field-label-inline\" for=\"wpforms-5146-field_8_1\">TITULAR<\/label><\/li><li class=\"choice-2 depth-1\"><input type=\"radio\" id=\"wpforms-5146-field_8_2\" name=\"wpforms[fields][8]\" value=\"SUPLENTE\" required ><label class=\"wpforms-field-label-inline\" for=\"wpforms-5146-field_8_2\">SUPLENTE<\/label><\/li><\/ul><\/div><div id=\"wpforms-5146-field_9-container\" class=\"wpforms-field wpforms-field-select wpforms-field-select-style-classic\" data-field-id=\"9\"><label class=\"wpforms-field-label\" for=\"wpforms-5146-field_9\">N\u00edvel de Escolaridade <span class=\"wpforms-required-label\">*<\/span><\/label><select id=\"wpforms-5146-field_9\" class=\"wpforms-field-medium wpforms-field-required\" name=\"wpforms[fields][9]\" required=\"required\"><option value=\"Fundamental Cursando\" >Fundamental Cursando<\/option><option value=\"Fundamental Completo\" >Fundamental Completo<\/option><option value=\"N\u00edvel M\u00e9dio Completo\" >N\u00edvel M\u00e9dio Completo<\/option><option value=\"N\u00edvel Superior Completo\" >N\u00edvel Superior Completo<\/option><option value=\"Especializa\u00e7\u00e3o Completa\" >Especializa\u00e7\u00e3o Completa<\/option><option value=\"Mestrado Completo\" >Mestrado Completo<\/option><option value=\"Doutorado\" >Doutorado<\/option><option value=\"Nunca Estudei\" >Nunca Estudei<\/option><\/select><\/div><\/div><div class=\"wpforms-submit-container\" ><input type=\"hidden\" name=\"wpforms[id]\" value=\"5146\"><input type=\"hidden\" name=\"wpforms[author]\" value=\"2\"><button type=\"submit\" name=\"wpforms[submit]\" class=\"wpforms-submit \" id=\"wpforms-submit-5146\" value=\"wpforms-submit\" aria-live=\"assertive\" data-alt-text=\"Enviando\u2026\" data-submit-text=\"Enviar\">Enviar<\/button><\/div><\/form><\/div>  <!-- .wpforms-container -->\t\t\t\t\t\t\t\t<\/div>\n\t\t\t\t<\/div>\n\t\t\t\t\t<\/div>\n\t\t<\/div>\n\t\t\t\t\t<\/div>\n\t\t<\/section>\n\t\t\t\t<section class=\"elementor-section elementor-top-section elementor-element elementor-element-e1577f1 elementor-section-boxed elementor-section-height-default elementor-section-height-default\" data-id=\"e1577f1\" data-element_type=\"section\" data-e-type=\"section\">\n\t\t\t\t\t\t<div class=\"elementor-container elementor-column-gap-default\">\n\t\t\t\t\t<div class=\"elementor-column elementor-col-100 elementor-top-column elementor-element elementor-element-330c836\" data-id=\"330c836\" data-element_type=\"column\" data-e-type=\"column\">\n\t\t\t<div class=\"elementor-widget-wrap elementor-element-populated\">\n\t\t\t\t\t\t<div class=\"elementor-element elementor-element-eef0b30 elementor-widget elementor-widget-image\" data-id=\"eef0b30\" data-element_type=\"widget\" data-e-type=\"widget\" data-widget_type=\"image.default\">\n\t\t\t\t<div class=\"elementor-widget-container\">\n\t\t\t\t\t\t\t\t\t\t\t\t\t\t\t<img fetchpriority=\"high\" decoding=\"async\" width=\"525\" height=\"525\" src=\"https:\/\/selecoes.epistemeonline.com\/wp-content\/uploads\/2024\/08\/CURSO-DE-QUALIFICACAO-CME-1024x1024.jpg\" class=\"attachment-large size-large wp-image-5149\" alt=\"\" srcset=\"https:\/\/selecoes.epistemeonline.com\/wp-content\/uploads\/2024\/08\/CURSO-DE-QUALIFICACAO-CME-1024x1024.jpg 1024w, https:\/\/selecoes.epistemeonline.com\/wp-content\/uploads\/2024\/08\/CURSO-DE-QUALIFICACAO-CME-300x300.jpg 300w, https:\/\/selecoes.epistemeonline.com\/wp-content\/uploads\/2024\/08\/CURSO-DE-QUALIFICACAO-CME-150x150.jpg 150w, https:\/\/selecoes.epistemeonline.com\/wp-content\/uploads\/2024\/08\/CURSO-DE-QUALIFICACAO-CME-768x768.jpg 768w, https:\/\/selecoes.epistemeonline.com\/wp-content\/uploads\/2024\/08\/CURSO-DE-QUALIFICACAO-CME-100x100.jpg 100w, https:\/\/selecoes.epistemeonline.com\/wp-content\/uploads\/2024\/08\/CURSO-DE-QUALIFICACAO-CME.jpg 1280w\" sizes=\"100vw\" \/>\t\t\t\t\t\t\t\t\t\t\t\t\t\t\t<\/div>\n\t\t\t\t<\/div>\n\t\t\t\t\t<\/div>\n\t\t<\/div>\n\t\t\t\t\t<\/div>\n\t\t<\/section>\n\t\t\t\t<section class=\"elementor-section elementor-top-section elementor-element elementor-element-88a481e elementor-section-boxed elementor-section-height-default elementor-section-height-default\" data-id=\"88a481e\" data-element_type=\"section\" data-e-type=\"section\">\n\t\t\t\t\t\t<div class=\"elementor-container elementor-column-gap-default\">\n\t\t\t\t\t<div class=\"elementor-column elementor-col-100 elementor-top-column elementor-element elementor-element-96228dc\" data-id=\"96228dc\" data-element_type=\"column\" data-e-type=\"column\">\n\t\t\t<div class=\"elementor-widget-wrap elementor-element-populated\">\n\t\t\t\t\t\t<div class=\"elementor-element elementor-element-1bd6f74 elementor-widget elementor-widget-heading\" data-id=\"1bd6f74\" data-element_type=\"widget\" data-e-type=\"widget\" data-widget_type=\"heading.default\">\n\t\t\t\t<div class=\"elementor-widget-container\">\n\t\t\t\t\t<h2 class=\"elementor-heading-title elementor-size-default\"><a href=\"https:\/\/selecoes.epistemeonline.com\/index.php\/curso-de-qualificacao-do-cme-de-maravilha\/\">FORMUL\u00c1RIO DE INSCRI\u00c7\u00c3O, clique aqui<\/a><\/h2>\t\t\t\t<\/div>\n\t\t\t\t<\/div>\n\t\t\t\t\t<\/div>\n\t\t<\/div>\n\t\t\t\t\t<\/div>\n\t\t<\/section>\n\t\t\t\t<\/div>\n\t\t","protected":false},"excerpt":{"rendered":"<p>FORMUL\u00c1RIO DE INSCRI\u00c7\u00c3O, clique aqui<\/p>\n","protected":false},"author":2,"featured_media":0,"parent":0,"menu_order":0,"comment_status":"closed","ping_status":"closed","template":"","meta":{"footnotes":""},"class_list":["post-5147","page","type-page","status-publish","hentry"],"_links":{"self":[{"href":"https:\/\/selecoes.epistemeonline.com\/index.php\/wp-json\/wp\/v2\/pages\/5147","targetHints":{"allow":["GET"]}}],"collection":[{"href":"https:\/\/selecoes.epistemeonline.com\/index.php\/wp-json\/wp\/v2\/pages"}],"about":[{"href":"https:\/\/selecoes.epistemeonline.com\/index.php\/wp-json\/wp\/v2\/types\/page"}],"author":[{"embeddable":true,"href":"https:\/\/selecoes.epistemeonline.com\/index.php\/wp-json\/wp\/v2\/users\/2"}],"replies":[{"embeddable":true,"href":"https:\/\/selecoes.epistemeonline.com\/index.php\/wp-json\/wp\/v2\/comments?post=5147"}],"version-history":[{"count":11,"href":"https:\/\/selecoes.epistemeonline.com\/index.php\/wp-json\/wp\/v2\/pages\/5147\/revisions"}],"predecessor-version":[{"id":5166,"href":"https:\/\/selecoes.epistemeonline.com\/index.php\/wp-json\/wp\/v2\/pages\/5147\/revisions\/5166"}],"wp:attachment":[{"href":"https:\/\/selecoes.epistemeonline.com\/index.php\/wp-json\/wp\/v2\/media?parent=5147"}],"curies":[{"name":"wp","href":"https:\/\/api.w.org\/{rel}","templated":true}]}}